CRAN Package Check Results for Package shinydrive

Last updated on 2021-04-21 05:48:51 CEST.

Flavor Version Tinstall Tcheck Ttotal Status Flags
r-devel-linux-x86_64-debian-clang 0.1.1 5.87 45.27 51.14 NOTE
r-devel-linux-x86_64-debian-gcc 0.1.1 4.24 35.34 39.58 NOTE
r-devel-linux-x86_64-fedora-clang 0.1.1 70.58 NOTE
r-devel-linux-x86_64-fedora-gcc 0.1.1 59.56 NOTE
r-devel-windows-ix86+x86_64 0.1.1 10.00 51.00 61.00 NOTE
r-devel-windows-x86_64-gcc10-UCRT 0.1.1 NOTE
r-patched-linux-x86_64 0.1.1 4.91 43.50 48.41 OK
r-patched-solaris-x86 0.1.1 92.30 OK
r-release-linux-x86_64 0.1.1 4.75 43.37 48.12 OK
r-release-macos-x86_64 0.1.1 OK
r-release-windows-ix86+x86_64 0.1.1 13.00 75.00 88.00 OK
r-oldrel-macos-x86_64 0.1.1 OK
r-oldrel-windows-ix86+x86_64 0.1.1 35.00 66.00 101.00 OK

Check Details

Version: 0.1.1
Check: LazyData
Result: NOTE
     'LazyData' is specified without a 'data' directory
Flavors: r-devel-linux-x86_64-debian-clang, r-devel-linux-x86_64-debian-gcc, r-devel-linux-x86_64-fedora-clang, r-devel-linux-x86_64-fedora-gcc, r-devel-windows-ix86+x86_64, r-devel-windows-x86_64-gcc10-UCRT