CRAN Package Check Results for Package shinydashboardPlus

Last updated on 2021-05-18 17:48:26 CEST.

Flavor Version Tinstall Tcheck Ttotal Status Flags
r-devel-linux-x86_64-debian-clang 2.0.1 6.40 57.18 63.58 OK
r-devel-linux-x86_64-debian-gcc 2.0.1 5.86 45.00 50.86 OK
r-devel-linux-x86_64-fedora-clang 2.0.1 89.81 NOTE
r-devel-linux-x86_64-fedora-gcc 2.0.1 75.05 NOTE
r-devel-windows-ix86+x86_64 2.0.1 14.00 62.00 76.00 OK
r-devel-windows-x86_64-gcc10-UCRT 2.0.1 NOTE
r-patched-linux-x86_64 2.0.1 14.39 56.15 70.54 OK
r-patched-solaris-x86 2.0.1 92.70 NOTE
r-release-linux-x86_64 2.0.1 4.28 54.82 59.10 OK
r-release-macos-x86_64 2.0.1 NOTE
r-release-windows-ix86+x86_64 2.0.1 12.00 60.00 72.00 OK
r-oldrel-macos-x86_64 2.0.1 NOTE
r-oldrel-windows-ix86+x86_64 2.0.1 8.00 77.00 85.00 OK

Check Details

Version: 2.0.1
Check: dependencies in R code
Result: NOTE
    Namespace in Imports field not imported from: ‘lifecycle’
     All declared Imports should be used.
Flavors: r-devel-linux-x86_64-fedora-clang, r-devel-linux-x86_64-fedora-gcc, r-devel-windows-x86_64-gcc10-UCRT, r-patched-solaris-x86, r-release-macos-x86_64, r-oldrel-macos-x86_64