Last updated on 2021-04-21 05:48:51 CEST.
Flavor | Version | Tinstall | Tcheck | Ttotal | Status | Flags |
---|---|---|---|---|---|---|
r-devel-linux-x86_64-debian-clang | 1.0.0 | 3.75 | 35.34 | 39.09 | NOTE | |
r-devel-linux-x86_64-debian-gcc | 1.0.0 | 2.94 | 27.94 | 30.88 | NOTE | |
r-devel-linux-x86_64-fedora-clang | 1.0.0 | 56.22 | NOTE | |||
r-devel-linux-x86_64-fedora-gcc | 1.0.0 | 45.87 | NOTE | |||
r-devel-windows-ix86+x86_64 | 1.0.0 | 9.00 | 45.00 | 54.00 | NOTE | |
r-devel-windows-x86_64-gcc10-UCRT | 1.0.0 | NOTE | ||||
r-patched-linux-x86_64 | 1.0.0 | 4.01 | 34.48 | 38.49 | OK | |
r-patched-solaris-x86 | 1.0.0 | 73.10 | OK | |||
r-release-linux-x86_64 | 1.0.0 | 3.63 | 34.84 | 38.47 | OK | |
r-release-macos-x86_64 | 1.0.0 | OK | ||||
r-release-windows-ix86+x86_64 | 1.0.0 | 9.00 | 61.00 | 70.00 | OK | |
r-oldrel-macos-x86_64 | 1.0.0 | OK | ||||
r-oldrel-windows-ix86+x86_64 | 1.0.0 | 38.00 | 56.00 | 94.00 | OK |
Version: 1.0.0
Check: LazyData
Result: NOTE
'LazyData' is specified without a 'data' directory
Flavors: r-devel-linux-x86_64-debian-clang, r-devel-linux-x86_64-debian-gcc, r-devel-linux-x86_64-fedora-clang, r-devel-linux-x86_64-fedora-gcc, r-devel-windows-ix86+x86_64, r-devel-windows-x86_64-gcc10-UCRT