CRAN Package Check Results for Package shinyMobile

Last updated on 2021-05-10 17:47:12 CEST.

Flavor Version Tinstall Tcheck Ttotal Status Flags
r-devel-linux-x86_64-debian-clang 0.8.0 6.80 66.26 73.06 NOTE
r-devel-linux-x86_64-debian-gcc 0.8.0 6.28 52.04 58.32 NOTE
r-devel-linux-x86_64-fedora-clang 0.8.0 97.26 NOTE
r-devel-linux-x86_64-fedora-gcc 0.8.0 87.46 NOTE
r-devel-windows-ix86+x86_64 0.8.0 13.00 98.00 111.00 NOTE
r-devel-windows-x86_64-gcc10-UCRT 0.8.0 NOTE
r-patched-linux-x86_64 0.8.0 9.27 64.41 73.68 NOTE
r-patched-solaris-x86 0.8.0 121.20 NOTE
r-release-linux-x86_64 0.8.0 8.49 64.36 72.85 OK
r-release-macos-x86_64 0.8.0 OK
r-release-windows-ix86+x86_64 0.8.0 11.00 74.00 85.00 OK
r-oldrel-macos-x86_64 0.8.0 OK
r-oldrel-windows-ix86+x86_64 0.8.0 14.00 89.00 103.00 OK

Check Details

Version: 0.8.0
Check: LazyData
Result: NOTE
     'LazyData' is specified without a 'data' directory
Flavors: r-devel-linux-x86_64-debian-clang, r-devel-linux-x86_64-debian-gcc, r-devel-linux-x86_64-fedora-clang, r-devel-linux-x86_64-fedora-gcc, r-devel-windows-ix86+x86_64, r-devel-windows-x86_64-gcc10-UCRT, r-patched-linux-x86_64, r-patched-solaris-x86