CRAN Package Check Results for Package shinyML

Last updated on 2021-05-09 17:47:03 CEST.

Flavor Version Tinstall Tcheck Ttotal Status Flags
r-devel-linux-x86_64-debian-clang 1.0.1 13.29 99.38 112.67 NOTE
r-devel-linux-x86_64-debian-gcc 1.0.1 12.49 75.20 87.69 NOTE
r-devel-linux-x86_64-fedora-clang 1.0.1 144.19 NOTE
r-devel-linux-x86_64-fedora-gcc 1.0.1 135.55 NOTE
r-devel-windows-ix86+x86_64 1.0.1 32.00 122.00 154.00 NOTE
r-devel-windows-x86_64-gcc10-UCRT 1.0.1 NOTE
r-patched-linux-x86_64 1.0.1 14.12 94.35 108.47 NOTE
r-patched-solaris-x86 1.0.1 203.30 OK
r-release-linux-x86_64 1.0.1 14.15 93.31 107.46 OK
r-release-macos-x86_64 1.0.1 OK
r-release-windows-ix86+x86_64 1.0.1 24.00 94.00 118.00 OK
r-oldrel-macos-x86_64 1.0.1 OK
r-oldrel-windows-ix86+x86_64 1.0.1 29.00 113.00 142.00 OK

Check Details

Version: 1.0.1
Check: LazyData
Result: NOTE
     'LazyData' is specified without a 'data' directory
Flavors: r-devel-linux-x86_64-debian-clang, r-devel-linux-x86_64-debian-gcc, r-devel-linux-x86_64-fedora-clang, r-devel-linux-x86_64-fedora-gcc, r-devel-windows-ix86+x86_64, r-devel-windows-x86_64-gcc10-UCRT, r-patched-linux-x86_64