CRAN Package Check Results for Package shinyHeatmaply

Last updated on 2020-02-25 16:48:23 CET.

Flavor Version Tinstall Tcheck Ttotal Status Flags
r-devel-linux-x86_64-debian-clang 0.1.0 7.68 50.88 58.56 OK
r-devel-linux-x86_64-debian-gcc 0.1.0 6.08 38.77 44.85 OK
r-devel-linux-x86_64-fedora-clang 0.1.0 72.56 NOTE
r-devel-linux-x86_64-fedora-gcc 0.1.0 66.24 NOTE
r-devel-windows-ix86+x86_64 0.1.0 22.00 70.00 92.00 OK
r-devel-windows-ix86+x86_64-gcc8 0.1.0 20.00 71.00 91.00 OK
r-patched-linux-x86_64 0.1.0 5.71 45.57 51.28 OK
r-patched-solaris-x86 0.1.0 92.70 NOTE
r-release-linux-x86_64 0.1.0 5.75 44.85 50.60 OK
r-release-windows-ix86+x86_64 0.1.0 14.00 66.00 80.00 OK
r-release-osx-x86_64 0.1.0 NOTE
r-oldrel-windows-ix86+x86_64 0.1.0 9.00 70.00 79.00 OK
r-oldrel-osx-x86_64 0.1.0 NOTE

Check Details

Version: 0.1.0
Check: dependencies in R code
Result: NOTE
    Namespaces in Imports field not imported from:
     ‘RColorBrewer’ ‘htmlwidgets’ ‘jsonlite’ ‘viridis’
     All declared Imports should be used.
Flavors: r-devel-linux-x86_64-fedora-clang, r-devel-linux-x86_64-fedora-gcc, r-patched-solaris-x86, r-release-osx-x86_64, r-oldrel-osx-x86_64