CRAN Package Check Results for Package shiny.semantic

Last updated on 2021-04-21 11:53:44 CEST.

Flavor Version Tinstall Tcheck Ttotal Status Flags
r-devel-linux-x86_64-debian-clang 0.4.2 6.88 52.82 59.70 NOTE
r-devel-linux-x86_64-debian-gcc 0.4.2 5.40 40.49 45.89 NOTE
r-devel-linux-x86_64-fedora-clang 0.4.2 82.32 NOTE
r-devel-linux-x86_64-fedora-gcc 0.4.2 68.60 NOTE
r-devel-windows-ix86+x86_64 0.4.2 11.00 62.00 73.00 NOTE
r-devel-windows-x86_64-gcc10-UCRT 0.4.2 NOTE
r-patched-linux-x86_64 0.4.2 7.57 50.36 57.93 OK
r-patched-solaris-x86 0.4.2 103.60 NOTE
r-release-linux-x86_64 0.4.2 7.42 50.39 57.81 OK
r-release-macos-x86_64 0.4.2 NOTE
r-release-windows-ix86+x86_64 0.4.2 15.00 67.00 82.00 NOTE
r-oldrel-macos-x86_64 0.4.2 NOTE
r-oldrel-windows-ix86+x86_64 0.4.2 35.00 73.00 108.00 NOTE

Check Details

Version: 0.4.2
Check: LazyData
Result: NOTE
     'LazyData' is specified without a 'data' directory
Flavors: r-devel-linux-x86_64-debian-clang, r-devel-linux-x86_64-debian-gcc, r-devel-linux-x86_64-fedora-clang, r-devel-linux-x86_64-fedora-gcc, r-devel-windows-ix86+x86_64, r-devel-windows-x86_64-gcc10-UCRT

Version: 0.4.2
Check: installed package size
Result: NOTE
     installed size is 10.9Mb
     sub-directories of 1Mb or more:
     help 2.5Mb
     www 8.1Mb
Flavors: r-devel-linux-x86_64-fedora-clang, r-devel-windows-ix86+x86_64, r-patched-solaris-x86, r-release-macos-x86_64, r-release-windows-ix86+x86_64, r-oldrel-macos-x86_64, r-oldrel-windows-ix86+x86_64