CRAN Package Check Results for Package sfcr

Last updated on 2024-05-19 11:59:56 CEST.

Flavor Version Tinstall Tcheck Ttotal Status Flags
r-devel-linux-x86_64-debian-clang 0.2.1 36.84 121.07 157.91 NOTE
r-devel-linux-x86_64-debian-gcc 0.2.1 28.90 90.14 119.04 NOTE
r-devel-linux-x86_64-fedora-clang 0.2.1 210.68 NOTE
r-devel-linux-x86_64-fedora-gcc 0.2.1 275.61 NOTE
r-devel-windows-x86_64 0.2.1 33.00 123.00 156.00 NOTE
r-patched-linux-x86_64 0.2.1 26.70 116.25 142.95 NOTE
r-release-linux-x86_64 0.2.1 25.99 113.10 139.09 NOTE
r-release-macos-arm64 0.2.1 57.00 NOTE
r-release-windows-x86_64 0.2.1 35.00 131.00 166.00 NOTE
r-oldrel-macos-arm64 0.2.1 63.00 NOTE
r-oldrel-macos-x86_64 0.2.1 101.00 NOTE
r-oldrel-windows-x86_64 0.2.1 43.00 160.00 203.00 NOTE

Check Details

Version: 0.2.1
Check: C++ specification
Result: NOTE Specified C++11: please drop specification unless essential Flavors: r-devel-linux-x86_64-debian-clang, r-devel-linux-x86_64-debian-gcc, r-devel-linux-x86_64-fedora-clang, r-devel-linux-x86_64-fedora-gcc, r-devel-windows-x86_64, r-patched-linux-x86_64, r-release-linux-x86_64, r-release-macos-arm64, r-release-windows-x86_64, r-oldrel-macos-arm64, r-oldrel-macos-x86_64, r-oldrel-windows-x86_64

Version: 0.2.1
Check: package dependencies
Result: NOTE Package suggested but not available for checking: ‘ggraph’ Flavor: r-oldrel-macos-x86_64