CRAN Package Check Results for Package sfc

Last updated on 2024-05-18 17:56:13 CEST.

Flavor Version Tinstall Tcheck Ttotal Status Flags
r-devel-linux-x86_64-debian-clang 0.1.0 6.28 44.54 50.82 NOTE
r-devel-linux-x86_64-debian-gcc 0.1.0 4.81 34.83 39.64 NOTE
r-devel-linux-x86_64-fedora-clang 0.1.0 63.98 NOTE
r-devel-linux-x86_64-fedora-gcc 0.1.0 105.31 NOTE
r-devel-windows-x86_64 0.1.0 5.00 52.00 57.00 NOTE
r-patched-linux-x86_64 0.1.0 4.00 43.96 47.96 NOTE
r-release-linux-x86_64 0.1.0 3.59 44.05 47.64 NOTE
r-release-macos-arm64 0.1.0 23.00 NOTE
r-release-windows-x86_64 0.1.0 6.00 55.00 61.00 NOTE
r-oldrel-macos-arm64 0.1.0 25.00 NOTE
r-oldrel-macos-x86_64 0.1.0 34.00 NOTE
r-oldrel-windows-x86_64 0.1.0 7.00 62.00 69.00 NOTE

Check Details

Version: 0.1.0
Check: LazyData
Result: NOTE 'LazyData' is specified without a 'data' directory Flavors: r-devel-linux-x86_64-debian-clang, r-devel-linux-x86_64-debian-gcc, r-devel-linux-x86_64-fedora-clang, r-devel-linux-x86_64-fedora-gcc, r-devel-windows-x86_64, r-patched-linux-x86_64, r-release-linux-x86_64, r-release-macos-arm64, r-release-windows-x86_64, r-oldrel-macos-arm64, r-oldrel-macos-x86_64, r-oldrel-windows-x86_64