CRAN Package Check Results for Package sentometrics

Last updated on 2021-04-19 05:47:13 CEST.

Flavor Version Tinstall Tcheck Ttotal Status Flags
r-devel-linux-x86_64-debian-clang 0.8.3 101.39 257.73 359.12 WARN
r-devel-linux-x86_64-debian-gcc 0.8.3 67.54 182.22 249.76 WARN
r-devel-linux-x86_64-fedora-clang 0.8.3 440.28 WARN
r-devel-linux-x86_64-fedora-gcc 0.8.3 420.90 WARN
r-devel-windows-ix86+x86_64 0.8.3 169.00 346.00 515.00 WARN
r-devel-windows-x86_64-gcc10-UCRT 0.8.3 WARN
r-patched-linux-x86_64 0.8.3 80.53 222.40 302.93 WARN
r-patched-solaris-x86 0.8.3 514.80 WARN
r-release-linux-x86_64 0.8.3 85.08 220.92 306.00 WARN
r-release-macos-x86_64 0.8.3 NOTE
r-release-windows-ix86+x86_64 0.8.3 231.00 474.00 705.00 WARN
r-oldrel-macos-x86_64 0.8.3 NOTE
r-oldrel-windows-ix86+x86_64 0.8.3 147.00 395.00 542.00 WARN

Check Details

Version: 0.8.3
Check: for GNU extensions in Makefiles
Result: NOTE
    GNU make is a SystemRequirements.
Flavors: r-devel-linux-x86_64-debian-clang, r-devel-linux-x86_64-debian-gcc, r-devel-linux-x86_64-fedora-clang, r-devel-linux-x86_64-fedora-gcc, r-devel-windows-ix86+x86_64, r-devel-windows-x86_64-gcc10-UCRT, r-patched-linux-x86_64, r-patched-solaris-x86, r-release-linux-x86_64, r-release-macos-x86_64, r-release-windows-ix86+x86_64, r-oldrel-macos-x86_64, r-oldrel-windows-ix86+x86_64

Version: 0.8.3
Check: examples
Result: WARN
    Found the following significant warnings:
    
     Warning: 'texts.corpus' is deprecated.
     Warning: 'texts.corpus' is deprecated.
     Warning: 'texts.corpus' is deprecated.
     Warning: 'texts.corpus' is deprecated.
     Warning: 'texts.corpus' is deprecated.
     Warning: 'texts.corpus' is deprecated.
     Warning: 'texts.corpus' is deprecated.
     Warning: 'texts.corpus' is deprecated.
     Warning: 'texts.corpus' is deprecated.
     Warning: 'texts.corpus' is deprecated.
     Warning: 'texts.corpus' is deprecated.
     Warning: 'texts.corpus' is deprecated.
     Warning: 'texts.corpus' is deprecated.
     Warning: 'texts.corpus' is deprecated.
     Warning: 'texts.corpus' is deprecated.
     Warning: 'texts.corpus' is deprecated.
     Warning: 'texts.corpus' is deprecated.
     Warning: 'texts.corpus' is deprecated.
     Warning: 'texts.corpus' is deprecated.
     Warning: 'texts.corpus' is deprecated.
     Warning: 'texts.corpus' is deprecated.
     Warning: 'texts.corpus' is deprecated.
     Warning: 'texts.corpus' is deprecated.
     Warning: 'texts.corpus' is deprecated.
     Warning: 'texts.corpus' is deprecated.
     Warning: 'texts.corpus' is deprecated.
     Warning: 'texts.corpus' is deprecated.
     Warning: 'texts.corpus' is deprecated.
     Warning: 'texts.corpus' is deprecated.
     Warning: 'texts.corpus' is deprecated.
     Warning: 'texts.corpus' is deprecated.
     Warning: 'texts.corpus' is deprecated.
     Warning: 'texts.corpus' is deprecated.
     Warning: 'texts.corpus' is deprecated.
     Warning: 'texts.corpus' is deprecated.
     Warning: 'texts.corpus' is deprecated.
     Warning: 'texts.corpus' is deprecated.
     Warning: 'texts.corpus' is deprecated.
     Warning: 'texts.corpus' is deprecated.
     Warning: 'texts.corpus' is deprecated.
     Warning: 'texts.corpus' is deprecated.
    Deprecated functions may be defunct as soon as of the next release of
    R.
    See ?Deprecated.
Flavors: r-devel-linux-x86_64-debian-clang, r-devel-linux-x86_64-fedora-clang, r-devel-linux-x86_64-fedora-gcc, r-devel-windows-x86_64-gcc10-UCRT, r-patched-linux-x86_64, r-patched-solaris-x86, r-release-linux-x86_64

Version: 0.8.3
Check: examples
Result: WARN
    Found the following significant warnings:
    
     Warning: 'texts.corpus' is deprecated.
     Warning: 'texts.corpus' is deprecated.
     Warning: 'texts.corpus' is deprecated.
     Warning: 'texts.corpus' is deprecated.
     Warning: 'texts.corpus' is deprecated.
     Warning: 'texts.corpus' is deprecated.
     Warning: 'texts.corpus' is deprecated.
     Warning: 'texts.corpus' is deprecated.
     Warning: 'texts.corpus' is deprecated.
     Warning: 'texts.corpus' is deprecated.
     Warning: 'texts.corpus' is deprecated.
     Warning: 'texts.corpus' is deprecated.
     Warning: 'texts.corpus' is deprecated.
     Warning: 'texts.corpus' is deprecated.
     Warning: 'texts.corpus' is deprecated.
     Warning: 'texts.corpus' is deprecated.
     Warning: 'texts.corpus' is deprecated.
     Warning: 'texts.corpus' is deprecated.
     Warning: 'texts.corpus' is deprecated.
     Warning: 'texts.corpus' is deprecated.
     Warning: 'texts.corpus' is deprecated.
     Warning: 'texts.corpus' is deprecated.
     Warning: 'texts.corpus' is deprecated.
     Warning: 'texts.corpus' is deprecated.
     Warning: 'texts.corpus' is deprecated.
     Warning: 'texts.corpus' is deprecated.
     Warning: 'texts.corpus' is deprecated.
     Warning: 'texts.corpus' is deprecated.
     Warning: 'texts.corpus' is deprecated.
     Warning: 'texts.corpus' is deprecated.
     Warning: 'texts.corpus' is deprecated.
     Warning: 'texts.corpus' is deprecated.
     Warning: 'texts.corpus' is deprecated.
     Warning: 'texts.corpus' is deprecated.
     Warning: 'texts.corpus' is deprecated.
     Warning: 'texts.corpus' is deprecated.
     Warning: 'texts.corpus' is deprecated.
     Warning: 'texts.corpus' is deprecated.
     Warning: 'texts.corpus' is deprecated.
     Warning: 'texts.corpus' is deprecated.
     Warning: 'texts.corpus' is deprecated.
    Deprecated functions may be defunct as soon as of the next release of
    R.
    See ?Deprecated.
    Examples with CPU (user + system) or elapsed time > 5s
     user system elapsed
    merge.sentiment 4.538 0.054 6.484
Flavor: r-devel-linux-x86_64-debian-gcc

Version: 0.8.3
Check: installed package size
Result: NOTE
     installed size is 7.7Mb
     sub-directories of 1Mb or more:
     data 2.3Mb
     libs 4.2Mb
Flavors: r-devel-linux-x86_64-fedora-clang, r-devel-windows-ix86+x86_64, r-release-macos-x86_64, r-release-windows-ix86+x86_64, r-oldrel-macos-x86_64, r-oldrel-windows-ix86+x86_64

Version: 0.8.3
Check: Rd cross-references
Result: NOTE
    Undeclared packages ‘MCS’, ‘stopwords’, ‘lexicon’ in Rd xrefs
Flavor: r-devel-linux-x86_64-fedora-clang

Version: 0.8.3
Check: data for non-ASCII characters
Result: NOTE
     Note: found 4436 marked UTF-8 strings
Flavors: r-devel-linux-x86_64-fedora-clang, r-devel-linux-x86_64-fedora-gcc, r-devel-windows-x86_64-gcc10-UCRT, r-patched-solaris-x86, r-release-macos-x86_64, r-oldrel-macos-x86_64

Version: 0.8.3
Check: running examples for arch ‘i386’
Result: WARN
    Found the following significant warnings:
    
     Warning: 'texts.corpus' is deprecated.
     Warning: 'texts.corpus' is deprecated.
     Warning: 'texts.corpus' is deprecated.
     Warning: 'texts.corpus' is deprecated.
     Warning: 'texts.corpus' is deprecated.
     Warning: 'texts.corpus' is deprecated.
     Warning: 'texts.corpus' is deprecated.
     Warning: 'texts.corpus' is deprecated.
     Warning: 'texts.corpus' is deprecated.
     Warning: 'texts.corpus' is deprecated.
     Warning: 'texts.corpus' is deprecated.
     Warning: 'texts.corpus' is deprecated.
     Warning: 'texts.corpus' is deprecated.
     Warning: 'texts.corpus' is deprecated.
     Warning: 'texts.corpus' is deprecated.
     Warning: 'texts.corpus' is deprecated.
     Warning: 'texts.corpus' is deprecated.
     Warning: 'texts.corpus' is deprecated.
     Warning: 'texts.corpus' is deprecated.
     Warning: 'texts.corpus' is deprecated.
     Warning: 'texts.corpus' is deprecated.
     Warning: 'texts.corpus' is deprecated.
     Warning: 'texts.corpus' is deprecated.
     Warning: 'texts.corpus' is deprecated.
     Warning: 'texts.corpus' is deprecated.
     Warning: 'texts.corpus' is deprecated.
     Warning: 'texts.corpus' is deprecated.
     Warning: 'texts.corpus' is deprecated.
     Warning: 'texts.corpus' is deprecated.
     Warning: 'texts.corpus' is deprecated.
     Warning: 'texts.corpus' is deprecated.
     Warning: 'texts.corpus' is deprecated.
     Warning: 'texts.corpus' is deprecated.
     Warning: 'texts.corpus' is deprecated.
     Warning: 'texts.corpus' is deprecated.
     Warning: 'texts.corpus' is deprecated.
     Warning: 'texts.corpus' is deprecated.
     Warning: 'texts.corpus' is deprecated.
     Warning: 'texts.corpus' is deprecated.
     Warning: 'texts.corpus' is deprecated.
     Warning: 'texts.corpus' is deprecated.
    Deprecated functions may be defunct as soon as of the next release of
    R.
    See ?Deprecated.
Flavors: r-devel-windows-ix86+x86_64, r-release-windows-ix86+x86_64, r-oldrel-windows-ix86+x86_64

Version: 0.8.3
Check: running examples for arch ‘x64’
Result: WARN
    Found the following significant warnings:
    
     Warning: 'texts.corpus' is deprecated.
     Warning: 'texts.corpus' is deprecated.
     Warning: 'texts.corpus' is deprecated.
     Warning: 'texts.corpus' is deprecated.
     Warning: 'texts.corpus' is deprecated.
     Warning: 'texts.corpus' is deprecated.
     Warning: 'texts.corpus' is deprecated.
     Warning: 'texts.corpus' is deprecated.
     Warning: 'texts.corpus' is deprecated.
     Warning: 'texts.corpus' is deprecated.
     Warning: 'texts.corpus' is deprecated.
     Warning: 'texts.corpus' is deprecated.
     Warning: 'texts.corpus' is deprecated.
     Warning: 'texts.corpus' is deprecated.
     Warning: 'texts.corpus' is deprecated.
     Warning: 'texts.corpus' is deprecated.
     Warning: 'texts.corpus' is deprecated.
     Warning: 'texts.corpus' is deprecated.
     Warning: 'texts.corpus' is deprecated.
     Warning: 'texts.corpus' is deprecated.
     Warning: 'texts.corpus' is deprecated.
     Warning: 'texts.corpus' is deprecated.
     Warning: 'texts.corpus' is deprecated.
     Warning: 'texts.corpus' is deprecated.
     Warning: 'texts.corpus' is deprecated.
     Warning: 'texts.corpus' is deprecated.
     Warning: 'texts.corpus' is deprecated.
     Warning: 'texts.corpus' is deprecated.
     Warning: 'texts.corpus' is deprecated.
     Warning: 'texts.corpus' is deprecated.
     Warning: 'texts.corpus' is deprecated.
     Warning: 'texts.corpus' is deprecated.
     Warning: 'texts.corpus' is deprecated.
     Warning: 'texts.corpus' is deprecated.
     Warning: 'texts.corpus' is deprecated.
     Warning: 'texts.corpus' is deprecated.
     Warning: 'texts.corpus' is deprecated.
     Warning: 'texts.corpus' is deprecated.
     Warning: 'texts.corpus' is deprecated.
     Warning: 'texts.corpus' is deprecated.
     Warning: 'texts.corpus' is deprecated.
    Deprecated functions may be defunct as soon as of the next release of
    R.
    See ?Deprecated.
Flavors: r-devel-windows-ix86+x86_64, r-release-windows-ix86+x86_64, r-oldrel-windows-ix86+x86_64