CRAN Package Check Results for Package seewave

Last updated on 2021-04-14 11:52:27 CEST.

Flavor Version Tinstall Tcheck Ttotal Status Flags
r-devel-linux-x86_64-debian-clang 2.1.6 15.77 149.39 165.16 OK
r-devel-linux-x86_64-debian-gcc 2.1.6 12.18 115.37 127.55 OK
r-devel-linux-x86_64-fedora-clang 2.1.6 211.41 OK
r-devel-linux-x86_64-fedora-gcc 2.1.6 196.63 OK
r-devel-windows-ix86+x86_64 2.1.6 24.00 195.00 219.00 OK
r-devel-windows-x86_64-gcc10-UCRT 2.1.6 OK
r-patched-linux-x86_64 2.1.6 12.51 141.49 154.00 OK
r-patched-solaris-x86 2.1.6 242.50 OK
r-release-linux-x86_64 2.1.6 12.72 141.41 154.13 OK
r-release-macos-x86_64 2.1.6 NOTE
r-release-windows-ix86+x86_64 2.1.6 18.00 191.00 209.00 OK
r-oldrel-macos-x86_64 2.1.6 NOTE
r-oldrel-windows-ix86+x86_64 2.1.6 22.00 135.00 157.00 OK

Check Details

Version: 2.1.6
Check: package dependencies
Result: NOTE
    Package suggested but not available for checking: ‘rpanel’
Flavors: r-release-macos-x86_64, r-oldrel-macos-x86_64