CRAN Package Check Results for Package sctransform

Last updated on 2020-09-27 17:49:34 CEST.

Flavor Version Tinstall Tcheck Ttotal Status Flags
r-devel-linux-x86_64-debian-clang 0.3 34.67 95.68 130.35 NOTE
r-devel-linux-x86_64-debian-gcc 0.3 26.64 71.46 98.10 NOTE
r-devel-linux-x86_64-fedora-clang 0.3 170.75 NOTE
r-devel-linux-x86_64-fedora-gcc 0.3 155.37 NOTE
r-devel-windows-ix86+x86_64 0.3 83.00 159.00 242.00 OK
r-patched-linux-x86_64 0.3 27.25 87.83 115.08 NOTE
r-patched-solaris-x86 0.3 207.90 NOTE
r-release-linux-x86_64 0.3 23.37 88.59 111.96 NOTE
r-release-macos-x86_64 0.3 NOTE
r-release-windows-ix86+x86_64 0.3 67.00 144.00 211.00 OK
r-oldrel-macos-x86_64 0.3 NOTE
r-oldrel-windows-ix86+x86_64 0.3 54.00 143.00 197.00 NOTE

Check Details

Version: 0.3
Check: package dependencies
Result: NOTE
    Package which this enhances but not available for checking: 'glmGamPoi'
Flavors: r-devel-linux-x86_64-debian-clang, r-devel-linux-x86_64-debian-gcc, r-devel-linux-x86_64-fedora-clang, r-devel-linux-x86_64-fedora-gcc, r-patched-linux-x86_64, r-patched-solaris-x86, r-release-linux-x86_64, r-release-macos-x86_64, r-oldrel-macos-x86_64, r-oldrel-windows-ix86+x86_64