CRAN Package Check Results for Package scipub

Last updated on 2021-04-21 11:53:44 CEST.

Flavor Version Tinstall Tcheck Ttotal Status Flags
r-devel-linux-x86_64-debian-clang 1.2.2 6.96 70.62 77.58 OK
r-devel-linux-x86_64-debian-gcc 1.2.2 5.70 53.08 58.78 OK
r-devel-linux-x86_64-fedora-clang 1.2.2 99.89 OK
r-devel-linux-x86_64-fedora-gcc 1.2.2 88.80 OK
r-devel-windows-ix86+x86_64 1.2.2 11.00 68.00 79.00 OK
r-devel-windows-x86_64-gcc10-UCRT 1.2.2 OK
r-patched-linux-x86_64 1.2.2 6.70 66.03 72.73 OK
r-patched-solaris-x86 1.2.2 130.10 OK
r-release-linux-x86_64 1.2.2 6.20 66.15 72.35 OK
r-release-macos-x86_64 1.2.2 OK
r-release-windows-ix86+x86_64 1.2.2 15.00 80.00 95.00 OK
r-oldrel-macos-x86_64 1.2.2 WARN
r-oldrel-windows-ix86+x86_64 1.2.2 17.00 81.00 98.00 WARN

Check Details

Version: 1.2.2
Check: re-building of vignette outputs
Result: WARN
    Error(s) in re-building vignettes:
     ...
    --- re-building ‘scipub_vignette.Rmd’ using rmarkdown
    Warning in engine$weave(file, quiet = quiet, encoding = enc) :
     Pandoc (>= 1.12.3) and/or pandoc-citeproc not available. Falling back to R Markdown v1.
    Quitting from lines 172-173 (scipub_vignette.Rmd)
    Error: processing vignette 'scipub_vignette.Rmd' failed with diagnostics:
    Can't convert from <character> to <factor<ee706>> due to loss of generality.
    * Locations: 1
    --- failed re-building ‘scipub_vignette.Rmd’
    
    SUMMARY: processing the following file failed:
     ‘scipub_vignette.Rmd’
    
    Error: Vignette re-building failed.
    Execution halted
Flavor: r-oldrel-macos-x86_64

Version: 1.2.2
Check: re-building of vignette outputs
Result: WARN
    Error(s) in re-building vignettes:
    --- re-building 'scipub_vignette.Rmd' using rmarkdown
    Quitting from lines 172-173 (scipub_vignette.Rmd)
    Error: processing vignette 'scipub_vignette.Rmd' failed with diagnostics:
    Can't convert from <character> to <factor<ed894>> due to loss of generality.
    * Locations: 1
    --- failed re-building 'scipub_vignette.Rmd'
    
    SUMMARY: processing the following file failed:
     'scipub_vignette.Rmd'
    
    Error: Vignette re-building failed.
    Execution halted
Flavor: r-oldrel-windows-ix86+x86_64