CRAN Package Check Results for Package schrute

Last updated on 2021-04-21 11:53:44 CEST.

Flavor Version Tinstall Tcheck Ttotal Status Flags
r-devel-linux-x86_64-debian-clang 0.2.2 4.12 33.05 37.17 OK
r-devel-linux-x86_64-debian-gcc 0.2.2 4.24 26.39 30.63 OK
r-devel-linux-x86_64-fedora-clang 0.2.2 55.45 NOTE
r-devel-linux-x86_64-fedora-gcc 0.2.2 45.29 NOTE
r-devel-windows-ix86+x86_64 0.2.2 7.00 36.00 43.00 OK
r-devel-windows-x86_64-gcc10-UCRT 0.2.2 NOTE
r-patched-linux-x86_64 0.2.2 4.74 31.44 36.18 OK
r-patched-solaris-x86 0.2.2 72.50 NOTE
r-release-linux-x86_64 0.2.2 4.61 31.22 35.83 OK
r-release-macos-x86_64 0.2.2 NOTE
r-release-windows-ix86+x86_64 0.2.2 9.00 42.00 51.00 OK
r-oldrel-macos-x86_64 0.2.2 NOTE
r-oldrel-windows-ix86+x86_64 0.2.2 18.00 52.00 70.00 OK

Check Details

Version: 0.2.2
Check: dependencies in R code
Result: NOTE
    Namespaces in Imports field not imported from:
     ‘dplyr’ ‘ggplot2’ ‘stringi’ ‘stringr’ ‘tibble’ ‘tidyr’ ‘tidytext’
     All declared Imports should be used.
Flavors: r-devel-linux-x86_64-fedora-clang, r-devel-linux-x86_64-fedora-gcc, r-devel-windows-x86_64-gcc10-UCRT, r-patched-solaris-x86, r-release-macos-x86_64, r-oldrel-macos-x86_64

Version: 0.2.2
Check: data for non-ASCII characters
Result: NOTE
     Note: found 464 marked UTF-8 strings
Flavors: r-devel-linux-x86_64-fedora-clang, r-devel-linux-x86_64-fedora-gcc, r-devel-windows-x86_64-gcc10-UCRT, r-patched-solaris-x86, r-release-macos-x86_64, r-oldrel-macos-x86_64