CRAN Package Check Results for Package sasLM

Last updated on 2021-04-20 00:47:58 CEST.

Flavor Version Tinstall Tcheck Ttotal Status Flags
r-devel-linux-x86_64-debian-clang 0.5.2 4.75 134.06 138.81 OK
r-devel-linux-x86_64-debian-gcc 0.5.2 3.64 95.40 99.04 OK
r-devel-linux-x86_64-fedora-clang 0.5.2 176.66 OK
r-devel-linux-x86_64-fedora-gcc 0.5.2 165.25 OK
r-devel-windows-ix86+x86_64 0.5.2 10.00 79.00 89.00 OK
r-devel-windows-x86_64-gcc10-UCRT 0.5.2 OK
r-patched-linux-x86_64 0.5.2 4.97 128.86 133.83 OK
r-patched-solaris-x86 0.5.2 92.20 OK
r-release-linux-x86_64 0.5.2 4.68 129.75 134.43 OK
r-release-macos-x86_64 0.5.2 OK
r-release-windows-ix86+x86_64 0.5.1 9.00 56.00 65.00 OK
r-oldrel-macos-x86_64 0.5.2 NOTE
r-oldrel-windows-ix86+x86_64 0.5.2 7.00 56.00 63.00 NOTE

Check Details

Version: 0.5.2
Check: R code for possible problems
Result: NOTE
    pB: no visible global function definition for ‘plot’
    pD: no visible global function definition for ‘plot’
    Undefined global functions or variables:
     plot
    Consider adding
     importFrom("graphics", "plot")
    to your NAMESPACE file.
Flavors: r-oldrel-macos-x86_64, r-oldrel-windows-ix86+x86_64