CRAN Package Check Results for Package sandwich

Last updated on 2024-04-19 18:05:43 CEST.

Flavor Version Tinstall Tcheck Ttotal Status Flags
r-devel-linux-x86_64-debian-clang 3.1-0 5.69 208.03 213.72 NOTE
r-devel-linux-x86_64-debian-gcc 3.1-0 NOTE
r-devel-linux-x86_64-fedora-clang 3.1-0 271.45 NOTE
r-devel-linux-x86_64-fedora-gcc 3.1-0 293.80 NOTE
r-prerel-macos-arm64 3.1-0 107.00 NOTE
r-prerel-windows-x86_64 3.1-0 7.00 232.00 239.00 NOTE
r-patched-linux-x86_64 3.1-0 7.20 201.08 208.28 NOTE
r-release-linux-x86_64 3.1-0 6.96 202.78 209.74 NOTE
r-release-macos-arm64 3.1-0 139.00 OK
r-release-macos-x86_64 3.1-0 363.00 OK
r-release-windows-x86_64 3.1-0 8.00 235.00 243.00 NOTE
r-oldrel-macos-arm64 3.1-0 114.00 OK
r-oldrel-windows-x86_64 3.1-0 10.00 246.00 256.00 NOTE

Check Details

Version: 3.1-0
Check: running R code from vignettes
Result: NOTE ‘sandwich-CL.Rnw’... [17s/24s] NOTE differences from ‘sandwich-CL.Rout.save’ 82c82 < Classes and Methods for R originally developed in the --- > Classes and Methods for R developed in the 85,87c85,87 < Stanford University (2002-2015), < by and under the direction of Simon Jackman. < hurdle and zeroinfl functions by Achim Zeileis. --- > Stanford University > Simon Jackman > hurdle and zeroinfl functions by Achim Zeileis ‘sandwich-OOP.Rnw’... [3s/3s] OK ‘sandwich.Rnw’... [1s/2s] OK Flavor: r-devel-linux-x86_64-debian-clang

Version: 3.1-0
Check: running R code from vignettes
Result: NOTE ‘sandwich-CL.Rnw’... [11s/19s] NOTE differences from ‘sandwich-CL.Rout.save’ 82c82 < Classes and Methods for R originally developed in the --- > Classes and Methods for R developed in the 85,87c85,87 < Stanford University (2002-2015), < by and under the direction of Simon Jackman. < hurdle and zeroinfl functions by Achim Zeileis. --- > Stanford University > Simon Jackman > hurdle and zeroinfl functions by Achim Zeileis ‘sandwich-OOP.Rnw’... [2s/4s] OK ‘sandwich.Rnw’... [1s/2s] OK Flavor: r-devel-linux-x86_64-debian-gcc

Version: 3.1-0
Check: running R code from vignettes
Result: NOTE ‘sandwich-CL.Rnw’... [20s/24s] NOTE differences from ‘sandwich-CL.Rout.save’ 82c82 < Classes and Methods for R originally developed in the --- > Classes and Methods for R developed in the 85,87c85,87 < Stanford University (2002-2015), < by and under the direction of Simon Jackman. < hurdle and zeroinfl functions by Achim Zeileis. --- > Stanford University > Simon Jackman > hurdle and zeroinfl functions by Achim Zeileis ‘sandwich-OOP.Rnw’... OK ‘sandwich.Rnw’... OK Flavor: r-devel-linux-x86_64-fedora-clang

Version: 3.1-0
Check: running R code from vignettes
Result: NOTE ‘sandwich-CL.Rnw’... [19s/70s] NOTE differences from ‘sandwich-CL.Rout.save’ 82c82 < Classes and Methods for R originally developed in the --- > Classes and Methods for R developed in the 85,87c85,87 < Stanford University (2002-2015), < by and under the direction of Simon Jackman. < hurdle and zeroinfl functions by Achim Zeileis. --- > Stanford University > Simon Jackman > hurdle and zeroinfl functions by Achim Zeileis ‘sandwich-OOP.Rnw’... [4s/14s] OK ‘sandwich.Rnw’... OK Flavor: r-devel-linux-x86_64-fedora-gcc

Version: 3.1-0
Check: running R code from vignettes
Result: NOTE ‘sandwich-CL.Rnw’... [5s/6s] NOTE differences from ‘sandwich-CL.Rout.save’ 82c82 < Classes and Methods for R originally developed in the --- > Classes and Methods for R developed in the 85,87c85,87 < Stanford University (2002-2015), < by and under the direction of Simon Jackman. < hurdle and zeroinfl functions by Achim Zeileis. --- > Stanford University > Simon Jackman > hurdle and zeroinfl functions by Achim Zeileis ‘sandwich-OOP.Rnw’... [1s/1s] OK ‘sandwich.Rnw’... [1s/1s] OK Flavor: r-prerel-macos-arm64

Version: 3.1-0
Check: running R code from vignettes
Result: NOTE 'sandwich-CL.Rnw'... [10s] NOTE differences from 'sandwich-CL.Rout.save' 82c82 < Classes and Methods for R originally developed in the --- > Classes and Methods for R developed in the 85,87c85,87 < Stanford University (2002-2015), < by and under the direction of Simon Jackman. < hurdle and zeroinfl functions by Achim Zeileis. --- > Stanford University > Simon Jackman > hurdle and zeroinfl functions by Achim Zeileis 'sandwich-OOP.Rnw'... [2s] OK 'sandwich.Rnw'... [1s] OK Flavor: r-prerel-windows-x86_64

Version: 3.1-0
Check: running R code from vignettes
Result: NOTE ‘sandwich-CL.Rnw’... [14s/18s] NOTE differences from ‘sandwich-CL.Rout.save’ 82c82 < Classes and Methods for R originally developed in the --- > Classes and Methods for R developed in the 85,87c85,87 < Stanford University (2002-2015), < by and under the direction of Simon Jackman. < hurdle and zeroinfl functions by Achim Zeileis. --- > Stanford University > Simon Jackman > hurdle and zeroinfl functions by Achim Zeileis ‘sandwich-OOP.Rnw’... [3s/4s] OK ‘sandwich.Rnw’... [1s/2s] OK Flavor: r-patched-linux-x86_64

Version: 3.1-0
Check: running R code from vignettes
Result: NOTE ‘sandwich-CL.Rnw’... [14s/17s] NOTE differences from ‘sandwich-CL.Rout.save’ 82c82 < Classes and Methods for R originally developed in the --- > Classes and Methods for R developed in the 85,87c85,87 < Stanford University (2002-2015), < by and under the direction of Simon Jackman. < hurdle and zeroinfl functions by Achim Zeileis. --- > Stanford University > Simon Jackman > hurdle and zeroinfl functions by Achim Zeileis ‘sandwich-OOP.Rnw’... [3s/4s] OK ‘sandwich.Rnw’... [1s/2s] OK Flavor: r-release-linux-x86_64

Version: 3.1-0
Check: running R code from vignettes
Result: NOTE 'sandwich-CL.Rnw'... [12s] NOTE differences from 'sandwich-CL.Rout.save' 82c82 < Classes and Methods for R originally developed in the --- > Classes and Methods for R developed in the 85,87c85,87 < Stanford University (2002-2015), < by and under the direction of Simon Jackman. < hurdle and zeroinfl functions by Achim Zeileis. --- > Stanford University > Simon Jackman > hurdle and zeroinfl functions by Achim Zeileis 'sandwich-OOP.Rnw'... [3s] OK 'sandwich.Rnw'... [1s] OK Flavor: r-release-windows-x86_64

Version: 3.1-0
Check: running R code from vignettes
Result: NOTE 'sandwich-CL.Rnw'... [14s] NOTE differences from 'sandwich-CL.Rout.save' 82c82 < Classes and Methods for R originally developed in the --- > Classes and Methods for R developed in the 85,87c85,87 < Stanford University (2002-2015), < by and under the direction of Simon Jackman. < hurdle and zeroinfl functions by Achim Zeileis. --- > Stanford University > Simon Jackman > hurdle and zeroinfl functions by Achim Zeileis 'sandwich-OOP.Rnw'... [3s] OK 'sandwich.Rnw'... [1s] OK Flavor: r-oldrel-windows-x86_64