CRAN Package Check Results for Package sand

Last updated on 2021-04-14 11:52:27 CEST.

Flavor Version Tinstall Tcheck Ttotal Status Flags
r-devel-linux-x86_64-debian-clang 2.0.0 2.71 33.36 36.07 OK
r-devel-linux-x86_64-debian-gcc 2.0.0 2.22 26.23 28.45 OK
r-devel-linux-x86_64-fedora-clang 2.0.0 54.20 NOTE
r-devel-linux-x86_64-fedora-gcc 2.0.0 42.81 NOTE
r-devel-windows-ix86+x86_64 2.0.0 6.00 50.00 56.00 OK
r-devel-windows-x86_64-gcc10-UCRT 2.0.0 NOTE
r-patched-linux-x86_64 2.0.0 2.66 32.81 35.47 OK
r-patched-solaris-x86 2.0.0 69.50 NOTE
r-release-linux-x86_64 2.0.0 2.93 32.13 35.06 OK
r-release-macos-x86_64 2.0.0 NOTE
r-release-windows-ix86+x86_64 2.0.0 9.00 48.00 57.00 OK
r-oldrel-macos-x86_64 2.0.0 NOTE
r-oldrel-windows-ix86+x86_64 2.0.0 5.00 38.00 43.00 OK

Check Details

Version: 2.0.0
Check: data for non-ASCII characters
Result: NOTE
     Note: found 6 marked UTF-8 strings
Flavors: r-devel-linux-x86_64-fedora-clang, r-devel-linux-x86_64-fedora-gcc, r-devel-windows-x86_64-gcc10-UCRT, r-patched-solaris-x86, r-release-macos-x86_64, r-oldrel-macos-x86_64

Version: 2.0.0
Check: package dependencies
Result: NOTE
    Packages suggested but not available for checking:
     'GOstats', 'org.Sc.sgd.db'
Flavor: r-devel-windows-x86_64-gcc10-UCRT

Version: 2.0.0
Check: package dependencies
Result: NOTE
    Package suggested but not available for checking: ‘org.Sc.sgd.db’
Flavor: r-release-macos-x86_64

Version: 2.0.0
Check: package dependencies
Result: NOTE
    Packages suggested but not available for checking: 'GO.db', 'org.Sc.sgd.db'
Flavor: r-oldrel-macos-x86_64