CRAN Package Check Results for Package samc

Last updated on 2021-04-14 11:52:27 CEST.

Flavor Version Tinstall Tcheck Ttotal Status Flags
r-devel-linux-x86_64-debian-clang 1.3.0 167.37 205.16 372.53 OK
r-devel-linux-x86_64-debian-gcc 1.3.0 115.53 160.46 275.99 OK
r-devel-linux-x86_64-fedora-clang 1.3.0 507.22 NOTE
r-devel-linux-x86_64-fedora-gcc 1.3.0 506.21 OK
r-devel-windows-ix86+x86_64 1.3.0 343.00 340.00 683.00 NOTE
r-devel-windows-x86_64-gcc10-UCRT 1.3.0 OK
r-patched-linux-x86_64 1.3.0 135.99 197.01 333.00 OK
r-patched-solaris-x86 1.3.0 522.20 OK
r-release-linux-x86_64 1.3.0 130.08 197.27 327.35 OK
r-release-macos-x86_64 1.3.0 NOTE
r-release-windows-ix86+x86_64 1.3.0 226.00 256.00 482.00 NOTE
r-oldrel-macos-x86_64 1.3.0 NOTE
r-oldrel-windows-ix86+x86_64 1.3.0 284.00 304.00 588.00 NOTE

Check Details

Version: 1.3.0
Check: installed package size
Result: NOTE
     installed size is 18.9Mb
     sub-directories of 1Mb or more:
     doc 2.9Mb
     libs 15.2Mb
Flavors: r-devel-linux-x86_64-fedora-clang, r-devel-windows-ix86+x86_64, r-release-macos-x86_64, r-release-windows-ix86+x86_64, r-oldrel-macos-x86_64, r-oldrel-windows-ix86+x86_64