CRAN Package Check Results for Package rzentra

Last updated on 2021-04-23 00:49:02 CEST.

Flavor Version Tinstall Tcheck Ttotal Status Flags
r-devel-linux-x86_64-debian-clang 0.1.0 6.60 56.74 63.34 NOTE
r-devel-linux-x86_64-debian-gcc 0.1.0 4.58 43.13 47.71 NOTE
r-devel-linux-x86_64-fedora-clang 0.1.0 85.16 NOTE
r-devel-linux-x86_64-fedora-gcc 0.1.0 71.68 NOTE
r-devel-windows-ix86+x86_64 0.1.0 15.00 79.00 94.00 NOTE
r-devel-windows-x86_64-gcc10-UCRT 0.1.0 NOTE
r-patched-linux-x86_64 0.1.0 5.56 53.00 58.56 OK
r-patched-solaris-x86 0.1.0 104.00 OK
r-release-linux-x86_64 0.1.0 6.59 52.28 58.87 OK
r-release-macos-x86_64 0.1.0 OK
r-release-windows-ix86+x86_64 0.1.0 15.00 64.00 79.00 OK
r-oldrel-macos-x86_64 0.1.0 OK
r-oldrel-windows-ix86+x86_64 0.1.0 24.00 76.00 100.00 OK

Check Details

Version: 0.1.0
Check: LazyData
Result: NOTE
     'LazyData' is specified without a 'data' directory
Flavors: r-devel-linux-x86_64-debian-clang, r-devel-linux-x86_64-debian-gcc, r-devel-linux-x86_64-fedora-clang, r-devel-linux-x86_64-fedora-gcc, r-devel-windows-ix86+x86_64, r-devel-windows-x86_64-gcc10-UCRT