CRAN Package Check Results for Package rules

Last updated on 2021-04-18 00:47:54 CEST.

Flavor Version Tinstall Tcheck Ttotal Status Flags
r-devel-linux-x86_64-debian-clang 0.1.1 6.75 96.46 103.21 NOTE
r-devel-linux-x86_64-debian-gcc 0.1.1 4.99 73.80 78.79 NOTE
r-devel-linux-x86_64-fedora-clang 0.1.1 130.60 NOTE
r-devel-linux-x86_64-fedora-gcc 0.1.1 126.36 NOTE
r-devel-windows-ix86+x86_64 0.1.1 16.00 100.00 116.00 NOTE
r-devel-windows-x86_64-gcc10-UCRT 0.1.1 NOTE
r-patched-linux-x86_64 0.1.1 5.72 94.72 100.44 OK
r-patched-solaris-x86 0.1.1 169.80 OK
r-release-linux-x86_64 0.1.1 6.34 93.10 99.44 OK
r-release-macos-x86_64 0.1.1 OK
r-release-windows-ix86+x86_64 0.1.1 18.00 124.00 142.00 OK
r-oldrel-macos-x86_64 0.1.1 OK
r-oldrel-windows-ix86+x86_64 0.1.1 11.00 116.00 127.00 OK

Check Details

Version: 0.1.1
Check: LazyData
Result: NOTE
     'LazyData' is specified without a 'data' directory
Flavors: r-devel-linux-x86_64-debian-clang, r-devel-linux-x86_64-debian-gcc, r-devel-linux-x86_64-fedora-clang, r-devel-linux-x86_64-fedora-gcc, r-devel-windows-ix86+x86_64, r-devel-windows-x86_64-gcc10-UCRT