Last updated on 2021-04-21 11:53:43 CEST.
Flavor | Version | Tinstall | Tcheck | Ttotal | Status | Flags |
---|---|---|---|---|---|---|
r-devel-linux-x86_64-debian-clang | 0.3.2 | 106.78 | 200.41 | 307.19 | NOTE | |
r-devel-linux-x86_64-debian-gcc | 0.3.2 | 64.62 | 149.25 | 213.87 | NOTE | |
r-devel-linux-x86_64-fedora-clang | 0.3.2 | 393.09 | NOTE | |||
r-devel-linux-x86_64-fedora-gcc | 0.3.2 | 369.95 | NOTE | |||
r-devel-windows-ix86+x86_64 | 0.3.2 | 169.00 | 236.00 | 405.00 | NOTE | |
r-devel-windows-x86_64-gcc10-UCRT | 0.3.2 | NOTE | ||||
r-patched-linux-x86_64 | 0.3.2 | 82.88 | 197.09 | 279.97 | NOTE | |
r-patched-solaris-x86 | 0.3.2 | 471.00 | NOTE | |||
r-release-linux-x86_64 | 0.3.2 | 79.50 | 199.36 | 278.86 | NOTE | |
r-release-macos-x86_64 | 0.3.2 | NOTE | ||||
r-release-windows-ix86+x86_64 | 0.3.2 | 239.00 | 303.00 | 542.00 | NOTE | |
r-oldrel-macos-x86_64 | 0.3.2 | NOTE | ||||
r-oldrel-windows-ix86+x86_64 | 0.3.2 | 202.00 | 298.00 | 500.00 | NOTE |
Version: 0.3.2
Check: for GNU extensions in Makefiles
Result: NOTE
GNU make is a SystemRequirements.
Flavors: r-devel-linux-x86_64-debian-clang, r-devel-linux-x86_64-debian-gcc, r-devel-linux-x86_64-fedora-clang, r-devel-linux-x86_64-fedora-gcc, r-devel-windows-ix86+x86_64, r-devel-windows-x86_64-gcc10-UCRT, r-patched-linux-x86_64, r-patched-solaris-x86, r-release-linux-x86_64, r-release-macos-x86_64, r-release-windows-ix86+x86_64, r-oldrel-macos-x86_64, r-oldrel-windows-ix86+x86_64
Version: 0.3.2
Check: installed package size
Result: NOTE
installed size is 5.0Mb
sub-directories of 1Mb or more:
libs 3.3Mb
Flavor: r-devel-linux-x86_64-fedora-clang