CRAN Package Check Results for Package rtypeform

Last updated on 2021-04-18 17:47:53 CEST.

Flavor Version Tinstall Tcheck Ttotal Status Flags
r-devel-linux-x86_64-debian-clang 2.1.0 6.35 57.07 63.42 NOTE
r-devel-linux-x86_64-debian-gcc 2.1.0 5.03 43.20 48.23 NOTE
r-devel-linux-x86_64-fedora-clang 2.1.0 86.17 NOTE
r-devel-linux-x86_64-fedora-gcc 2.1.0 74.52 NOTE
r-devel-windows-ix86+x86_64 2.1.0 16.00 62.00 78.00 NOTE
r-devel-windows-x86_64-gcc10-UCRT 2.1.0 NOTE
r-patched-linux-x86_64 2.1.0 5.27 53.73 59.00 OK
r-patched-solaris-x86 2.1.0 105.10 OK
r-release-linux-x86_64 2.1.0 5.53 52.98 58.51 OK
r-release-macos-x86_64 2.1.0 OK
r-release-windows-ix86+x86_64 2.1.0 16.00 75.00 91.00 OK
r-oldrel-macos-x86_64 2.1.0 OK
r-oldrel-windows-ix86+x86_64 2.1.0 10.00 68.00 78.00 OK

Check Details

Version: 2.1.0
Check: LazyData
Result: NOTE
     'LazyData' is specified without a 'data' directory
Flavors: r-devel-linux-x86_64-debian-clang, r-devel-linux-x86_64-debian-gcc, r-devel-linux-x86_64-fedora-clang, r-devel-linux-x86_64-fedora-gcc, r-devel-windows-ix86+x86_64, r-devel-windows-x86_64-gcc10-UCRT