CRAN Package Check Results for Package rsvddpd

Last updated on 2024-05-28 11:54:17 CEST.

Flavor Version Tinstall Tcheck Ttotal Status Flags
r-devel-linux-x86_64-debian-clang 1.0.0 35.45 37.88 73.33 NOTE
r-devel-linux-x86_64-debian-gcc 1.0.0 23.19 28.73 51.92 NOTE
r-devel-linux-x86_64-fedora-clang 1.0.0 106.56 NOTE
r-devel-linux-x86_64-fedora-gcc 1.0.0 121.00 NOTE
r-devel-windows-x86_64 1.0.0 30.00 73.00 103.00 NOTE
r-patched-linux-x86_64 1.0.0 35.44 37.01 72.45 NOTE
r-release-linux-x86_64 1.0.0 28.16 36.57 64.73 NOTE
r-release-macos-arm64 1.0.0 36.00 NOTE
r-release-windows-x86_64 1.0.0 29.00 72.00 101.00 NOTE
r-oldrel-macos-arm64 1.0.0 34.00 NOTE
r-oldrel-macos-x86_64 1.0.0 64.00 NOTE
r-oldrel-windows-x86_64 1.0.0 35.00 80.00 115.00 NOTE

Check Details

Version: 1.0.0
Check: C++ specification
Result: NOTE Specified C++11: please drop specification unless essential Flavors: r-devel-linux-x86_64-debian-clang, r-devel-linux-x86_64-debian-gcc, r-devel-linux-x86_64-fedora-clang, r-devel-linux-x86_64-fedora-gcc, r-devel-windows-x86_64, r-patched-linux-x86_64, r-release-linux-x86_64, r-release-macos-arm64, r-release-windows-x86_64, r-oldrel-macos-arm64, r-oldrel-macos-x86_64, r-oldrel-windows-x86_64