CRAN Package Check Results for Package rsmatrix

Last updated on 2021-04-21 05:48:50 CEST.

Flavor Version Tinstall Tcheck Ttotal Status Flags
r-devel-linux-x86_64-debian-clang 0.1.2 6.15 66.23 72.38 NOTE
r-devel-linux-x86_64-debian-gcc 0.1.2 5.79 50.32 56.11 NOTE
r-devel-linux-x86_64-fedora-clang 0.1.2 93.20 NOTE
r-devel-linux-x86_64-fedora-gcc 0.1.2 84.56 NOTE
r-devel-windows-ix86+x86_64 0.1.2 15.00 63.00 78.00 NOTE
r-devel-windows-x86_64-gcc10-UCRT 0.1.2 NOTE
r-patched-linux-x86_64 0.1.2 7.11 59.91 67.02 OK
r-patched-solaris-x86 0.1.2 126.30 OK
r-release-linux-x86_64 0.1.2 6.79 60.63 67.42 OK
r-release-macos-x86_64 0.1.2 OK
r-release-windows-ix86+x86_64 0.1.2 16.00 93.00 109.00 OK
r-oldrel-macos-x86_64 0.1.2 OK
r-oldrel-windows-ix86+x86_64 0.1.2 11.00 79.00 90.00 OK

Check Details

Version: 0.1.2
Check: LazyData
Result: NOTE
     'LazyData' is specified without a 'data' directory
Flavors: r-devel-linux-x86_64-debian-clang, r-devel-linux-x86_64-debian-gcc, r-devel-linux-x86_64-fedora-clang, r-devel-linux-x86_64-fedora-gcc, r-devel-windows-ix86+x86_64, r-devel-windows-x86_64-gcc10-UCRT