Last updated on 2021-04-21 11:53:43 CEST.
Flavor | Version | Tinstall | Tcheck | Ttotal | Status | Flags |
---|---|---|---|---|---|---|
r-devel-linux-x86_64-debian-clang | 0.4.0 | 4.37 | 94.91 | 99.28 | OK | |
r-devel-linux-x86_64-debian-gcc | 0.4.0 | 3.04 | 69.51 | 72.55 | OK | |
r-devel-linux-x86_64-fedora-clang | 0.4.0 | 122.03 | OK | |||
r-devel-linux-x86_64-fedora-gcc | 0.4.0 | 114.35 | OK | |||
r-devel-windows-ix86+x86_64 | 0.4.0 | 5.00 | 94.00 | 99.00 | OK | |
r-devel-windows-x86_64-gcc10-UCRT | 0.4.0 | OK | ||||
r-patched-linux-x86_64 | 0.4.0 | 4.46 | 91.46 | 95.92 | WARN | |
r-patched-solaris-x86 | 0.4.0 | 179.10 | OK | |||
r-release-linux-x86_64 | 0.4.0 | 3.37 | 91.48 | 94.85 | OK | |
r-release-macos-x86_64 | 0.4.0 | OK | ||||
r-release-windows-ix86+x86_64 | 0.4.0 | 8.00 | 102.00 | 110.00 | OK | |
r-oldrel-macos-x86_64 | 0.4.0 | OK | ||||
r-oldrel-windows-ix86+x86_64 | 0.4.0 | 26.00 | 119.00 | 145.00 | OK |
Version: 0.4.0
Check: whether package can be installed
Result: WARN
Found the following significant warnings:
Rd warning: /tmp/RtmpzIeRsM/R.INSTALL3aec2e448adb/rsetse/man/prepare_SETSe_binary.Rd:50: file link ‘as_data_frame’ in package ‘igraph’ does not exist and so has been treated as a topic
Rd warning: /tmp/RtmpzIeRsM/R.INSTALL3aec2e448adb/rsetse/man/prepare_SETSe_continuous.Rd:51: file link ‘as_data_frame’ in package ‘igraph’ does not exist and so has been treated as a topic
Flavor: r-patched-linux-x86_64