CRAN Package Check Results for Package rpcdsearch

Last updated on 2021-05-08 11:50:38 CEST.

Flavor Version Tinstall Tcheck Ttotal Status Flags
r-devel-linux-x86_64-debian-clang 1.0 10.37 94.31 104.68 NOTE
r-devel-linux-x86_64-debian-gcc 1.0 8.80 70.55 79.35 NOTE
r-devel-linux-x86_64-fedora-clang 1.0 132.16 NOTE
r-devel-linux-x86_64-fedora-gcc 1.0 120.60 NOTE
r-devel-windows-ix86+x86_64 1.0 24.00 92.00 116.00 NOTE
r-devel-windows-x86_64-gcc10-UCRT 1.0 NOTE
r-patched-linux-x86_64 1.0 10.27 90.36 100.63 NOTE
r-patched-solaris-x86 1.0 145.70 OK
r-release-linux-x86_64 1.0 10.98 88.50 99.48 NOTE
r-release-macos-x86_64 1.0 OK
r-release-windows-ix86+x86_64 1.0 15.00 77.00 92.00 NOTE
r-oldrel-macos-x86_64 1.0 OK
r-oldrel-windows-ix86+x86_64 1.0 18.00 90.00 108.00 OK

Check Details

Version: 1.0
Check: LazyData
Result: NOTE
     'LazyData' is specified without a 'data' directory
Flavors: r-devel-linux-x86_64-debian-clang, r-devel-linux-x86_64-debian-gcc, r-devel-linux-x86_64-fedora-clang, r-devel-linux-x86_64-fedora-gcc, r-devel-windows-ix86+x86_64, r-devel-windows-x86_64-gcc10-UCRT, r-patched-linux-x86_64

Version: 1.0
Check: package vignettes
Result: NOTE
    Package vignette with placeholder title 'Vignette Title':
     'codelists.Rmd'
Flavors: r-devel-linux-x86_64-debian-clang, r-devel-linux-x86_64-debian-gcc, r-devel-windows-ix86+x86_64, r-patched-linux-x86_64, r-release-linux-x86_64, r-release-windows-ix86+x86_64