CRAN Package Check Results for Package rocc

Last updated on 2021-05-08 05:57:20 CEST.

Flavor Version Tinstall Tcheck Ttotal Status Flags
r-devel-linux-x86_64-debian-clang 1.3 2.60 37.48 40.08 OK
r-devel-linux-x86_64-debian-gcc 1.3 2.13 27.85 29.98 OK
r-devel-linux-x86_64-fedora-clang 1.3 57.64 OK
r-devel-linux-x86_64-fedora-gcc 1.3 47.42 OK
r-devel-windows-ix86+x86_64 1.3 4.00 6.00 10.00 ERROR
r-devel-windows-x86_64-gcc10-UCRT 1.3 OK
r-patched-linux-x86_64 1.3 2.81 35.93 38.74 OK
r-patched-solaris-x86 1.3 65.80 OK
r-release-linux-x86_64 1.3 2.75 36.53 39.28 OK
r-release-macos-x86_64 1.3 OK
r-release-windows-ix86+x86_64 1.3 5.00 41.00 46.00 OK
r-oldrel-macos-x86_64 1.3 OK
r-oldrel-windows-ix86+x86_64 1.3 5.00 43.00 48.00 OK

Check Details

Version: 1.3
Check: whether package can be installed
Result: ERROR
    Installation failed.
Flavor: r-devel-windows-ix86+x86_64