CRAN Package Check Results for Package rmumps

Last updated on 2020-08-10 00:47:05 CEST.

Flavor Version Tinstall Tcheck Ttotal Status Flags
r-devel-linux-x86_64-debian-clang 5.2.1-12 235.19 59.63 294.82 NOTE
r-devel-linux-x86_64-debian-gcc 5.2.1-12 206.58 45.33 251.91 NOTE
r-devel-linux-x86_64-fedora-clang 5.2.1-12 443.70 NOTE
r-devel-linux-x86_64-fedora-gcc 5.2.1-12 413.45 WARN
r-devel-windows-ix86+x86_64 5.2.1-12 754.00 150.00 904.00 NOTE
r-patched-linux-x86_64 5.2.1-12 207.71 55.74 263.45 NOTE
r-patched-solaris-x86 5.2.1-12 360.20 NOTE
r-release-linux-x86_64 5.2.1-12 203.78 56.07 259.85 NOTE
r-release-macos-x86_64 5.2.1-12 NOTE
r-release-windows-ix86+x86_64 5.2.1-12 748.00 116.00 864.00 NOTE
r-oldrel-macos-x86_64 5.2.1-12 NOTE
r-oldrel-windows-ix86+x86_64 5.2.1-12 616.00 145.00 761.00 NOTE

Check Details

Version: 5.2.1-12
Check: for GNU extensions in Makefiles
Result: NOTE
    GNU make is a SystemRequirements.
Flavors: r-devel-linux-x86_64-debian-clang, r-devel-linux-x86_64-debian-gcc, r-devel-linux-x86_64-fedora-clang, r-devel-linux-x86_64-fedora-gcc, r-devel-windows-ix86+x86_64, r-patched-linux-x86_64, r-patched-solaris-x86, r-release-linux-x86_64, r-release-macos-x86_64, r-release-windows-ix86+x86_64, r-oldrel-macos-x86_64, r-oldrel-windows-ix86+x86_64

Version: 5.2.1-12
Check: installed package size
Result: NOTE
     installed size is 13.6Mb
     sub-directories of 1Mb or more:
     libs 13.2Mb
Flavors: r-devel-linux-x86_64-fedora-clang, r-devel-windows-ix86+x86_64, r-release-macos-x86_64, r-release-windows-ix86+x86_64, r-oldrel-macos-x86_64, r-oldrel-windows-ix86+x86_64

Version: 5.2.1-12
Check: whether package can be installed
Result: WARN
    Found the following significant warnings:
     graph_io_chac.c:106:7: warning: ignoring return value of ‘fscanf’ declared with attribute ‘warn_unused_result’ [-Wunused-result]
     graph_io_chac.c:179:9: warning: ignoring return value of ‘fscanf’ declared with attribute ‘warn_unused_result’ [-Wunused-result]
     graph_io_chac.c:208:7: warning: ignoring return value of ‘fscanf’ declared with attribute ‘warn_unused_result’ [-Wunused-result]
Flavor: r-devel-linux-x86_64-fedora-gcc