CRAN Package Check Results for Package rmi

Last updated on 2024-05-21 17:50:08 CEST.

Flavor Version Tinstall Tcheck Ttotal Status Flags
r-devel-linux-x86_64-debian-clang 0.1.1 134.17 38.61 172.78 NOTE
r-devel-linux-x86_64-debian-gcc 0.1.1 95.53 28.89 124.42 NOTE
r-devel-linux-x86_64-fedora-clang 0.1.1 288.60 NOTE
r-devel-linux-x86_64-fedora-gcc 0.1.1 278.25 NOTE
r-devel-windows-x86_64 0.1.1 59.00 69.00 128.00 NOTE
r-patched-linux-x86_64 0.1.1 149.14 36.98 186.12 NOTE
r-release-linux-x86_64 0.1.1 132.30 38.02 170.32 NOTE
r-release-macos-arm64 0.1.1 52.00 NOTE
r-release-windows-x86_64 0.1.1 59.00 72.00 131.00 NOTE
r-oldrel-macos-arm64 0.1.1 52.00 NOTE
r-oldrel-macos-x86_64 0.1.1 91.00 NOTE
r-oldrel-windows-x86_64 0.1.1 71.00 80.00 151.00 NOTE

Check Details

Version: 0.1.1
Check: LazyData
Result: NOTE 'LazyData' is specified without a 'data' directory Flavors: r-devel-linux-x86_64-debian-clang, r-devel-linux-x86_64-debian-gcc, r-devel-linux-x86_64-fedora-clang, r-devel-linux-x86_64-fedora-gcc, r-devel-windows-x86_64, r-patched-linux-x86_64, r-release-linux-x86_64, r-release-macos-arm64, r-release-windows-x86_64, r-oldrel-macos-arm64, r-oldrel-macos-x86_64, r-oldrel-windows-x86_64

Version: 0.1.1
Check: C++ specification
Result: NOTE Specified C++11: please drop specification unless essential Flavors: r-devel-windows-x86_64, r-release-windows-x86_64, r-oldrel-windows-x86_64