CRAN Package Check Results for Package rmdpartials

Last updated on 2020-10-20 05:48:24 CEST.

Flavor Version Tinstall Tcheck Ttotal Status Flags
r-devel-linux-x86_64-debian-clang 0.5.8 2.38 27.28 29.66 OK
r-devel-linux-x86_64-debian-gcc 0.5.8 1.76 21.42 23.18 OK
r-devel-linux-x86_64-fedora-clang 0.5.8 44.79 OK
r-devel-linux-x86_64-fedora-gcc 0.5.8 34.50 OK
r-devel-windows-ix86+x86_64 0.5.8 4.00 37.00 41.00 OK
r-patched-linux-x86_64 0.5.8 2.26 26.00 28.26 OK
r-patched-solaris-x86 0.5.8 51.00 NOTE
r-release-linux-x86_64 0.5.8 2.30 25.60 27.90 OK
r-release-macos-x86_64 0.5.8 OK
r-release-windows-ix86+x86_64 0.5.8 4.00 37.00 41.00 OK
r-oldrel-macos-x86_64 0.5.8 OK
r-oldrel-windows-ix86+x86_64 0.5.8 3.00 35.00 38.00 OK

Check Details

Version: 0.5.8
Check: package dependencies
Result: NOTE
    Package suggested but not available for checking: ‘pkgdown’
Flavor: r-patched-solaris-x86