CRAN Package Check Results for Package rje

Last updated on 2021-04-19 17:48:39 CEST.

Flavor Version Tinstall Tcheck Ttotal Status Flags
r-devel-linux-x86_64-debian-clang 1.10.16 5.02 37.89 42.91 OK
r-devel-linux-x86_64-debian-gcc 1.10.16 3.21 28.35 31.56 OK
r-devel-linux-x86_64-fedora-clang 1.10.16 59.20 NOTE
r-devel-linux-x86_64-fedora-gcc 1.10.16 50.87 NOTE
r-devel-windows-ix86+x86_64 1.10.16 12.00 54.00 66.00 OK
r-devel-windows-x86_64-gcc10-UCRT 1.10.16 NOTE
r-patched-linux-x86_64 1.10.16 4.70 35.12 39.82 OK
r-patched-solaris-x86 1.10.16 74.90 NOTE
r-release-linux-x86_64 1.10.16 4.52 36.09 40.61 OK
r-release-macos-x86_64 1.10.16 NOTE
r-release-windows-ix86+x86_64 1.10.16 12.00 80.00 92.00 OK
r-oldrel-macos-x86_64 1.10.16 NOTE
r-oldrel-windows-ix86+x86_64 1.10.16 7.00 65.00 72.00 OK

Check Details

Version: 1.10.16
Check: dependencies in R code
Result: NOTE
    Namespace in Imports field not imported from: ‘knitr’
     All declared Imports should be used.
Flavors: r-devel-linux-x86_64-fedora-clang, r-devel-linux-x86_64-fedora-gcc, r-devel-windows-x86_64-gcc10-UCRT, r-patched-solaris-x86, r-release-macos-x86_64, r-oldrel-macos-x86_64