CRAN Package Check Results for Package rfishbase

Last updated on 2020-09-20 17:50:47 CEST.

Flavor Version Tinstall Tcheck Ttotal Status Flags
r-devel-linux-x86_64-debian-clang 3.0.4 9.97 126.14 136.11 OK
r-devel-linux-x86_64-debian-gcc 3.0.4 7.75 102.15 109.90 OK
r-devel-linux-x86_64-fedora-clang 3.0.4 173.96 NOTE
r-devel-linux-x86_64-fedora-gcc 3.0.4 163.51 NOTE
r-devel-windows-ix86+x86_64 3.0.4 21.00 168.00 189.00 OK
r-patched-linux-x86_64 3.0.4 7.52 126.69 134.21 OK
r-patched-solaris-x86 3.0.4 247.40 NOTE
r-release-linux-x86_64 3.0.4 8.63 128.97 137.60 OK
r-release-macos-x86_64 3.0.4 NOTE
r-release-windows-ix86+x86_64 3.0.4 20.00 207.00 227.00 OK
r-oldrel-macos-x86_64 3.0.4 NOTE
r-oldrel-windows-ix86+x86_64 3.0.4 12.00 160.00 172.00 OK

Check Details

Version: 3.0.4
Check: data for non-ASCII characters
Result: NOTE
     Note: found 44 marked UTF-8 strings
Flavors: r-devel-linux-x86_64-fedora-clang, r-devel-linux-x86_64-fedora-gcc, r-patched-solaris-x86, r-release-macos-x86_64, r-oldrel-macos-x86_64