CRAN Package Check Results for Package revdbayes

Last updated on 2020-09-21 00:48:19 CEST.

Flavor Version Tinstall Tcheck Ttotal Status Flags
r-devel-linux-x86_64-debian-clang 1.3.9 58.95 550.34 609.29 OK
r-devel-linux-x86_64-debian-gcc 1.3.9 48.74 374.46 423.20 OK
r-devel-linux-x86_64-fedora-clang 1.3.9 719.47 NOTE
r-devel-linux-x86_64-fedora-gcc 1.3.9 712.90 OK
r-devel-windows-ix86+x86_64 1.3.9 128.00 608.00 736.00 OK
r-patched-linux-x86_64 1.3.9 48.28 521.33 569.61 OK
r-patched-solaris-x86 1.3.9 812.20 OK
r-release-linux-x86_64 1.3.9 51.78 528.74 580.52 OK
r-release-macos-x86_64 1.3.9 OK
r-release-windows-ix86+x86_64 1.3.9 128.00 660.00 788.00 OK
r-oldrel-macos-x86_64 1.3.9 OK
r-oldrel-windows-ix86+x86_64 1.3.9 89.00 720.00 809.00 OK

Check Details

Version: 1.3.9
Check: installed package size
Result: NOTE
     installed size is 5.2Mb
     sub-directories of 1Mb or more:
     libs 4.0Mb
Flavor: r-devel-linux-x86_64-fedora-clang