CRAN Package Check Results for Package reshape

Last updated on 2018-11-18 15:47:42 CET.

Flavor Version Tinstall Tcheck Ttotal Status Flags
r-devel-linux-x86_64-debian-clang 0.8.8 2.70 29.90 32.60 OK
r-devel-linux-x86_64-debian-gcc 0.8.8 2.04 24.25 26.29 OK
r-devel-linux-x86_64-fedora-clang 0.8.8 38.58 OK
r-devel-linux-x86_64-fedora-gcc 0.8.8 37.92 OK
r-devel-windows-ix86+x86_64 0.8.8 6.00 43.00 49.00 OK
r-patched-linux-x86_64 0.8.8 2.36 31.90 34.26 NOTE
r-patched-solaris-x86 0.8.8 62.00 NOTE
r-release-linux-x86_64 0.8.8 2.14 31.81 33.95 NOTE
r-release-windows-ix86+x86_64 0.8.8 8.00 61.00 69.00 NOTE
r-release-osx-x86_64 0.8.8 NOTE
r-oldrel-windows-ix86+x86_64 0.8.8 7.00 54.00 61.00 NOTE
r-oldrel-osx-x86_64 0.8.8 NOTE

Check Details

Version: 0.8.8
Check: S3 generic/method consistency
Result: NOTE
    Found the following apparent S3 methods exported but not registered:
     all.vars.character
    See section ‘Registering S3 methods’ in the ‘Writing R Extensions’
    manual.
Flavors: r-patched-linux-x86_64, r-patched-solaris-x86, r-release-linux-x86_64

Version: 0.8.8
Check: Rd \usage sections
Result: NOTE
    S3 methods shown with full name in documentation object 'all.vars.character':
     ‘all.vars.character’
    
    The \usage entries for S3 methods should use the \method markup and not
    their full name.
    See chapter ‘Writing R documentation files’ in the ‘Writing R
    Extensions’ manual.
Flavors: r-patched-linux-x86_64, r-patched-solaris-x86, r-release-linux-x86_64, r-release-windows-ix86+x86_64, r-release-osx-x86_64, r-oldrel-windows-ix86+x86_64, r-oldrel-osx-x86_64