CRAN Package Check Results for Package reshape

Last updated on 2019-02-18 16:51:59 CET.

Flavor Version Tinstall Tcheck Ttotal Status Flags
r-devel-linux-x86_64-debian-clang 0.8.8 2.82 30.57 33.39 OK
r-devel-linux-x86_64-debian-gcc 0.8.8 2.65 24.65 27.30 OK
r-devel-linux-x86_64-fedora-clang 0.8.8 41.07 OK
r-devel-linux-x86_64-fedora-gcc 0.8.8 38.07 OK
r-devel-windows-ix86+x86_64 0.8.8 7.00 43.00 50.00 OK
r-patched-linux-x86_64 0.8.8 3.29 31.82 35.11 OK
r-patched-solaris-x86 0.8.8 58.70 OK
r-release-linux-x86_64 0.8.8 NOTE
r-release-windows-ix86+x86_64 0.8.8 4.00 65.00 69.00 NOTE
r-release-osx-x86_64 0.8.8 NOTE
r-oldrel-windows-ix86+x86_64 0.8.8 5.00 55.00 60.00 NOTE
r-oldrel-osx-x86_64 0.8.8 NOTE

Check Details

Version: 0.8.8
Check: S3 generic/method consistency
Result: NOTE
    Found the following apparent S3 methods exported but not registered:
     all.vars.character
    See section ‘Registering S3 methods’ in the ‘Writing R Extensions’
    manual.
Flavor: r-release-linux-x86_64

Version: 0.8.8
Check: Rd \usage sections
Result: NOTE
    S3 methods shown with full name in documentation object 'all.vars.character':
     ‘all.vars.character’
    
    The \usage entries for S3 methods should use the \method markup and not
    their full name.
    See chapter ‘Writing R documentation files’ in the ‘Writing R
    Extensions’ manual.
Flavors: r-release-linux-x86_64, r-release-windows-ix86+x86_64, r-release-osx-x86_64, r-oldrel-windows-ix86+x86_64, r-oldrel-osx-x86_64