Last updated on 2021-04-18 17:47:51 CEST.
Flavor | Version | Tinstall | Tcheck | Ttotal | Status | Flags |
---|---|---|---|---|---|---|
r-devel-linux-x86_64-debian-clang | 0.4.2 | 2.38 | 25.45 | 27.83 | NOTE | |
r-devel-linux-x86_64-debian-gcc | 0.4.2 | 1.58 | 19.51 | 21.09 | NOTE | |
r-devel-linux-x86_64-fedora-clang | 0.4.2 | 42.74 | NOTE | |||
r-devel-linux-x86_64-fedora-gcc | 0.4.2 | 32.17 | NOTE | |||
r-devel-windows-ix86+x86_64 | 0.4.2 | 6.00 | 34.00 | 40.00 | NOTE | |
r-devel-windows-x86_64-gcc10-UCRT | 0.4.2 | NOTE | ||||
r-patched-linux-x86_64 | 0.4.2 | 2.16 | 24.27 | 26.43 | OK | |
r-patched-solaris-x86 | 0.4.2 | 51.10 | OK | |||
r-release-linux-x86_64 | 0.4.2 | 1.93 | 24.57 | 26.50 | OK | |
r-release-macos-x86_64 | 0.4.2 | OK | ||||
r-release-windows-ix86+x86_64 | 0.4.2 | 6.00 | 40.00 | 46.00 | OK | |
r-oldrel-macos-x86_64 | 0.4.2 | OK | ||||
r-oldrel-windows-ix86+x86_64 | 0.4.2 | 3.00 | 37.00 | 40.00 | OK |
Version: 0.4.2
Check: LazyData
Result: NOTE
'LazyData' is specified without a 'data' directory
Flavors: r-devel-linux-x86_64-debian-clang, r-devel-linux-x86_64-debian-gcc, r-devel-linux-x86_64-fedora-clang, r-devel-linux-x86_64-fedora-gcc, r-devel-windows-ix86+x86_64, r-devel-windows-x86_64-gcc10-UCRT