CRAN Package Check Results for Package reportReg

Last updated on 2024-05-22 11:25:09 CEST.

Flavor Version Tinstall Tcheck Ttotal Status Flags
r-devel-linux-x86_64-debian-clang 0.3.0 2.46 23.37 25.83 NOTE
r-devel-linux-x86_64-debian-gcc 0.3.0 1.93 17.73 19.66 NOTE
r-devel-linux-x86_64-fedora-clang 0.3.0 32.41 NOTE
r-devel-linux-x86_64-fedora-gcc 0.3.0 30.06 NOTE
r-devel-windows-x86_64 0.3.0 3.00 39.00 42.00 NOTE
r-patched-linux-x86_64 0.3.0 2.63 21.69 24.32 NOTE
r-release-linux-x86_64 0.3.0 2.19 22.17 24.36 NOTE
r-release-macos-arm64 0.3.0 15.00 NOTE
r-release-windows-x86_64 0.3.0 3.00 42.00 45.00 NOTE
r-oldrel-macos-arm64 0.3.0 16.00 NOTE
r-oldrel-macos-x86_64 0.3.0 19.00 NOTE
r-oldrel-windows-x86_64 0.3.0 4.00 39.00 43.00 NOTE

Check Details

Version: 0.3.0
Check: LazyData
Result: NOTE 'LazyData' is specified without a 'data' directory Flavors: r-devel-linux-x86_64-debian-clang, r-devel-linux-x86_64-debian-gcc, r-devel-linux-x86_64-fedora-clang, r-devel-linux-x86_64-fedora-gcc, r-devel-windows-x86_64, r-patched-linux-x86_64, r-release-linux-x86_64, r-release-macos-arm64, r-release-windows-x86_64, r-oldrel-macos-arm64, r-oldrel-macos-x86_64, r-oldrel-windows-x86_64