CRAN Package Check Results for Package regressoR

Last updated on 2020-02-25 16:48:20 CET.

Flavor Version Tinstall Tcheck Ttotal Status Flags
r-devel-linux-x86_64-debian-clang 1.1.8 7.13 55.00 62.13 OK
r-devel-linux-x86_64-debian-gcc 1.1.8 6.45 42.56 49.01 OK
r-devel-linux-x86_64-fedora-clang 1.1.8 73.58 NOTE
r-devel-linux-x86_64-fedora-gcc 1.1.8 72.44 NOTE
r-devel-windows-ix86+x86_64 1.1.8 19.00 87.00 106.00 OK
r-devel-windows-ix86+x86_64-gcc8 1.1.8 20.00 84.00 104.00 OK
r-patched-linux-x86_64 1.1.8 5.96 48.63 54.59 OK
r-patched-solaris-x86 1.1.8 98.00 NOTE
r-release-linux-x86_64 1.1.8 6.14 49.18 55.32 OK
r-release-windows-ix86+x86_64 1.1.8 14.00 86.00 100.00 OK
r-release-osx-x86_64 1.1.8 NOTE
r-oldrel-windows-ix86+x86_64 1.1.8 8.00 69.00 77.00 OK
r-oldrel-osx-x86_64 1.1.8 NOTE

Check Details

Version: 1.1.8
Check: package dependencies
Result: NOTE
    Imports includes 24 non-default packages.
    Importing from so many packages makes the package vulnerable to any of
    them becoming unavailable. Move as many as possible to Suggests and
    use conditionally.
Flavor: r-devel-linux-x86_64-fedora-clang

Version: 1.1.8
Check: dependencies in R code
Result: NOTE
    Namespaces in Imports field not imported from:
     ‘ROCR’ ‘colourpicker’ ‘corrplot’ ‘e1071’ ‘flexdashboard’ ‘gbm’
     ‘glmnet’ ‘kknn’ ‘neuralnet’ ‘rattle’ ‘rpart’ ‘shinyWidgets’
     ‘shinydashboardPlus’ ‘shinyjs’ ‘xgboost’ ‘zip’
     All declared Imports should be used.
Flavors: r-devel-linux-x86_64-fedora-clang, r-devel-linux-x86_64-fedora-gcc, r-patched-solaris-x86, r-release-osx-x86_64, r-oldrel-osx-x86_64