CRAN Package Check Results for Package refreshr

Last updated on 2024-05-21 17:50:07 CEST.

Flavor Version Tinstall Tcheck Ttotal Status Flags
r-devel-linux-x86_64-debian-clang 0.1.0 2.35 22.58 24.93 NOTE
r-devel-linux-x86_64-debian-gcc 0.1.0 1.45 17.60 19.05 NOTE
r-devel-linux-x86_64-fedora-clang 0.1.0 31.26 NOTE
r-devel-linux-x86_64-fedora-gcc 0.1.0 29.52 NOTE
r-devel-windows-x86_64 0.1.0 3.00 41.00 44.00 NOTE
r-patched-linux-x86_64 0.1.0 2.10 21.32 23.42 NOTE
r-release-linux-x86_64 0.1.0 2.01 21.25 23.26 NOTE
r-release-macos-arm64 0.1.0 15.00 NOTE
r-release-windows-x86_64 0.1.0 3.00 40.00 43.00 NOTE
r-oldrel-macos-arm64 0.1.0 17.00 OK
r-oldrel-macos-x86_64 0.1.0 21.00 OK
r-oldrel-windows-x86_64 0.1.0 4.00 42.00 46.00 OK

Check Details

Version: 0.1.0
Check: Rd files
Result: NOTE checkRd: (-1) make_refreshable.Rd:13: Lost braces 13 | not that quotes need to be escaped (code{\"}).} | ^ Flavors: r-devel-linux-x86_64-debian-clang, r-devel-linux-x86_64-debian-gcc, r-devel-linux-x86_64-fedora-clang, r-devel-linux-x86_64-fedora-gcc, r-devel-windows-x86_64, r-patched-linux-x86_64, r-release-linux-x86_64, r-release-macos-arm64, r-release-windows-x86_64