Last updated on 2021-04-19 05:47:10 CEST.
Flavor | Version | Tinstall | Tcheck | Ttotal | Status | Flags |
---|---|---|---|---|---|---|
r-devel-linux-x86_64-debian-clang | 0.2.3 | 3.51 | 38.07 | 41.58 | NOTE | |
r-devel-linux-x86_64-debian-gcc | 0.2.3 | 2.92 | 29.22 | 32.14 | NOTE | |
r-devel-linux-x86_64-fedora-clang | 0.2.3 | 59.10 | NOTE | |||
r-devel-linux-x86_64-fedora-gcc | 0.2.3 | 48.54 | NOTE | |||
r-devel-windows-ix86+x86_64 | 0.2.3 | 7.00 | 39.00 | 46.00 | NOTE | |
r-devel-windows-x86_64-gcc10-UCRT | 0.2.3 | NOTE | ||||
r-patched-linux-x86_64 | 0.2.3 | 3.56 | 36.24 | 39.80 | OK | |
r-patched-solaris-x86 | 0.2.3 | 73.10 | OK | |||
r-release-linux-x86_64 | 0.2.3 | 3.43 | 36.65 | 40.08 | OK | |
r-release-macos-x86_64 | 0.2.3 | OK | ||||
r-release-windows-ix86+x86_64 | 0.2.3 | 7.00 | 46.00 | 53.00 | OK | |
r-oldrel-macos-x86_64 | 0.2.3 | OK | ||||
r-oldrel-windows-ix86+x86_64 | 0.2.3 | 4.00 | 52.00 | 56.00 | OK |
Version: 0.2.3
Check: LazyData
Result: NOTE
'LazyData' is specified without a 'data' directory
Flavors: r-devel-linux-x86_64-debian-clang, r-devel-linux-x86_64-debian-gcc, r-devel-linux-x86_64-fedora-clang, r-devel-linux-x86_64-fedora-gcc, r-devel-windows-ix86+x86_64, r-devel-windows-x86_64-gcc10-UCRT