CRAN Package Check Results for Package rcrossref

Last updated on 2020-02-25 16:48:20 CET.

Flavor Version Tinstall Tcheck Ttotal Status Flags
r-devel-linux-x86_64-debian-clang 0.9.2 9.65 199.88 209.53 OK
r-devel-linux-x86_64-debian-gcc 0.9.2 7.01 153.93 160.94 OK
r-devel-linux-x86_64-fedora-clang 0.9.2 243.15 OK
r-devel-linux-x86_64-fedora-gcc 0.9.2 242.95 OK
r-devel-windows-ix86+x86_64 0.9.2 16.00 214.00 230.00 WARN
r-devel-windows-ix86+x86_64-gcc8 0.9.2 19.00 215.00 234.00 WARN
r-patched-linux-x86_64 0.9.2 7.56 184.33 191.89 OK
r-patched-solaris-x86 0.9.2 304.50 OK
r-release-linux-x86_64 0.9.2 6.93 184.43 191.36 OK
r-release-windows-ix86+x86_64 0.9.2 13.00 198.00 211.00 OK
r-release-osx-x86_64 0.9.2 OK
r-oldrel-windows-ix86+x86_64 0.9.2 10.00 204.00 214.00 OK
r-oldrel-osx-x86_64 0.9.2 OK

Check Details

Version: 0.9.2
Check: R files for syntax errors
Result: WARN
    Warnings in file 'R/crAddins.R':
     unable to translate '<U+25B2>' to native encoding
     unable to translate '<U+25BC>' to native encoding
Flavors: r-devel-windows-ix86+x86_64, r-devel-windows-ix86+x86_64-gcc8