CRAN Package Check Results for Package rcdklibs

Last updated on 2020-09-19 05:49:38 CEST.

Flavor Version Tinstall Tcheck Ttotal Status Flags
r-devel-linux-x86_64-debian-clang 2.3 4.78 32.52 37.30 OK
r-devel-linux-x86_64-debian-gcc 2.3 4.01 25.33 29.34 OK
r-devel-linux-x86_64-fedora-clang 2.3 54.47 NOTE
r-devel-linux-x86_64-fedora-gcc 2.3 45.21 OK
r-devel-windows-ix86+x86_64 2.3 13.00 49.00 62.00 NOTE
r-patched-linux-x86_64 2.3 5.56 32.09 37.65 OK
r-patched-solaris-x86 2.3 69.40 NOTE
r-release-linux-x86_64 2.3 5.19 31.99 37.18 OK
r-release-macos-x86_64 2.3 NOTE
r-release-windows-ix86+x86_64 2.3 13.00 44.00 57.00 NOTE
r-oldrel-macos-x86_64 2.3 NOTE
r-oldrel-windows-ix86+x86_64 2.3 11.00 46.00 57.00 NOTE

Check Details

Version: 2.3
Check: installed package size
Result: NOTE
     installed size is 25.9Mb
     sub-directories of 1Mb or more:
     cont 25.8Mb
Flavors: r-devel-linux-x86_64-fedora-clang, r-devel-windows-ix86+x86_64, r-patched-solaris-x86, r-release-macos-x86_64, r-release-windows-ix86+x86_64, r-oldrel-macos-x86_64, r-oldrel-windows-ix86+x86_64