Last updated on 2021-04-21 11:53:41 CEST.
Flavor | Version | Tinstall | Tcheck | Ttotal | Status | Flags |
---|---|---|---|---|---|---|
r-devel-linux-x86_64-debian-clang | 0.21.2 | 380.54 | 62.49 | 443.03 | OK | |
r-devel-linux-x86_64-debian-gcc | 0.21.2 | 251.99 | 47.10 | 299.09 | OK | |
r-devel-linux-x86_64-fedora-clang | 0.21.2 | 599.07 | NOTE | |||
r-devel-linux-x86_64-fedora-gcc | 0.21.2 | 563.88 | OK | |||
r-devel-windows-ix86+x86_64 | 0.21.2 | 691.00 | 107.00 | 798.00 | NOTE | |
r-devel-windows-x86_64-gcc10-UCRT | 0.21.2 | OK | ||||
r-patched-linux-x86_64 | 0.21.2 | 292.18 | 58.17 | 350.35 | OK | |
r-patched-solaris-x86 | 0.21.2 | 559.60 | OK | |||
r-release-linux-x86_64 | 0.21.2 | 296.01 | 58.05 | 354.06 | OK | |
r-release-macos-x86_64 | 0.21.2 | NOTE | ||||
r-release-windows-ix86+x86_64 | 0.21.2 | 805.00 | 106.00 | 911.00 | NOTE | |
r-oldrel-macos-x86_64 | 0.21.2 | NOTE | ||||
r-oldrel-windows-ix86+x86_64 | 0.21.2 | 667.00 | 131.00 | 798.00 | NOTE |
Version: 0.21.2
Check: installed package size
Result: NOTE
installed size is 14.2Mb
sub-directories of 1Mb or more:
libs 13.6Mb
Flavors: r-devel-linux-x86_64-fedora-clang, r-devel-windows-ix86+x86_64, r-release-macos-x86_64, r-release-windows-ix86+x86_64, r-oldrel-macos-x86_64, r-oldrel-windows-ix86+x86_64