CRAN Package Check Results for Package rando

Last updated on 2024-05-25 00:58:37 CEST.

Flavor Version Tinstall Tcheck Ttotal Status Flags
r-devel-linux-x86_64-debian-clang 0.2.0 4.38 77.06 81.44 NOTE
r-devel-linux-x86_64-debian-gcc 0.2.0 4.10 55.33 59.43 NOTE
r-devel-linux-x86_64-fedora-clang 0.2.0 100.12 NOTE
r-devel-linux-x86_64-fedora-gcc 0.2.0 92.44 NOTE
r-devel-windows-x86_64 0.2.0 6.00 81.00 87.00 NOTE
r-patched-linux-x86_64 0.2.0 6.42 70.90 77.32 NOTE
r-release-linux-x86_64 0.2.0 5.34 73.30 78.64 NOTE
r-release-macos-arm64 0.2.0 32.00 NOTE
r-release-windows-x86_64 0.2.0 7.00 96.00 103.00 NOTE
r-oldrel-macos-arm64 0.2.0 34.00 NOTE
r-oldrel-macos-x86_64 0.2.0 50.00 NOTE
r-oldrel-windows-x86_64 0.2.0 7.00 98.00 105.00 NOTE

Check Details

Version: 0.2.0
Check: LazyData
Result: NOTE 'LazyData' is specified without a 'data' directory Flavors: r-devel-linux-x86_64-debian-clang, r-devel-linux-x86_64-debian-gcc, r-devel-linux-x86_64-fedora-clang, r-devel-linux-x86_64-fedora-gcc, r-devel-windows-x86_64, r-patched-linux-x86_64, r-release-linux-x86_64, r-release-macos-arm64, r-release-windows-x86_64, r-oldrel-macos-arm64, r-oldrel-macos-x86_64, r-oldrel-windows-x86_64