CRAN Package Check Results for Package rameritrade

Last updated on 2024-05-18 06:17:10 CEST.

Flavor Version Tinstall Tcheck Ttotal Status Flags
r-devel-linux-x86_64-debian-clang 0.1.5 2.91 26.36 29.27 NOTE
r-devel-linux-x86_64-debian-gcc 0.1.5 2.23 20.14 22.37 NOTE
r-devel-linux-x86_64-fedora-clang 0.1.5 37.56 NOTE
r-devel-linux-x86_64-fedora-gcc 0.1.5 41.11 NOTE
r-devel-windows-x86_64 0.1.5 4.00 44.00 48.00 NOTE
r-patched-linux-x86_64 0.1.5 2.26 25.49 27.75 NOTE
r-release-linux-x86_64 0.1.5 2.80 24.72 27.52 NOTE
r-release-macos-arm64 0.1.5 16.00 NOTE
r-release-windows-x86_64 0.1.5 5.00 44.00 49.00 NOTE
r-oldrel-macos-arm64 0.1.5 17.00 NOTE
r-oldrel-macos-x86_64 0.1.5 21.00 NOTE
r-oldrel-windows-x86_64 0.1.5 4.00 47.00 51.00 NOTE

Check Details

Version: 0.1.5
Check: LazyData
Result: NOTE 'LazyData' is specified without a 'data' directory Flavors: r-devel-linux-x86_64-debian-clang, r-devel-linux-x86_64-debian-gcc, r-devel-linux-x86_64-fedora-clang, r-devel-linux-x86_64-fedora-gcc, r-devel-windows-x86_64, r-patched-linux-x86_64, r-release-linux-x86_64, r-release-macos-arm64, r-release-windows-x86_64, r-oldrel-macos-arm64, r-oldrel-macos-x86_64, r-oldrel-windows-x86_64