CRAN Package Check Results for Package ralger

Last updated on 2024-05-29 11:52:46 CEST.

Flavor Version Tinstall Tcheck Ttotal Status Flags
r-devel-linux-x86_64-debian-clang 2.2.4 3.89 65.93 69.82 NOTE
r-devel-linux-x86_64-debian-gcc 2.2.4 3.69 49.25 52.94 NOTE
r-devel-linux-x86_64-fedora-clang 2.2.4 89.31 NOTE
r-devel-linux-x86_64-fedora-gcc 2.2.4 97.14 NOTE
r-devel-windows-x86_64 2.2.4 8.00 78.00 86.00 NOTE
r-patched-linux-x86_64 2.2.4 5.50 62.68 68.18 NOTE
r-release-linux-x86_64 2.2.4 3.65 62.95 66.60 NOTE
r-release-macos-arm64 2.2.4 72.00 NOTE
r-release-windows-x86_64 2.2.4 7.00 76.00 83.00 NOTE
r-oldrel-macos-arm64 2.2.4 49.00 NOTE
r-oldrel-macos-x86_64 2.2.4 66.00 NOTE
r-oldrel-windows-x86_64 2.2.4 9.00 83.00 92.00 NOTE

Check Details

Version: 2.2.4
Check: LazyData
Result: NOTE 'LazyData' is specified without a 'data' directory Flavors: r-devel-linux-x86_64-debian-clang, r-devel-linux-x86_64-debian-gcc, r-devel-linux-x86_64-fedora-clang, r-devel-linux-x86_64-fedora-gcc, r-devel-windows-x86_64, r-patched-linux-x86_64, r-release-linux-x86_64, r-release-macos-arm64, r-release-windows-x86_64, r-oldrel-macos-arm64, r-oldrel-macos-x86_64, r-oldrel-windows-x86_64