CRAN Package Check Results for Package rMisbeta

Last updated on 2021-04-20 05:47:47 CEST.

Flavor Version Tinstall Tcheck Ttotal Status Flags
r-devel-linux-x86_64-debian-clang 1.0 2.29 46.85 49.14 OK
r-devel-linux-x86_64-debian-gcc 1.0 2.10 34.93 37.03 OK
r-devel-linux-x86_64-fedora-clang 1.0 66.70 OK
r-devel-linux-x86_64-fedora-gcc 1.0 57.80 OK
r-devel-windows-ix86+x86_64 1.0 7.00 51.00 58.00 OK
r-devel-windows-x86_64-gcc10-UCRT 1.0 OK
r-patched-linux-x86_64 1.0 2.52 44.61 47.13 OK
r-patched-solaris-x86 1.0 80.70 OK
r-release-linux-x86_64 1.0 2.49 44.89 47.38 OK
r-release-macos-x86_64 1.0 ERROR
r-release-windows-ix86+x86_64 1.0 7.00 68.00 75.00 OK
r-oldrel-macos-x86_64 1.0 ERROR

Check Details

Version: 1.0
Check: package dependencies
Result: ERROR
    Package required but not available: ‘ROC’
    
    See section ‘The DESCRIPTION file’ in the ‘Writing R Extensions’
    manual.
Flavors: r-release-macos-x86_64, r-oldrel-macos-x86_64