CRAN Package Check Results for Package rCRM

Last updated on 2020-09-19 05:49:38 CEST.

Flavor Version Tinstall Tcheck Ttotal Status Flags
r-devel-linux-x86_64-debian-clang 0.1 28.31 24.80 53.11 NOTE
r-devel-linux-x86_64-debian-gcc 0.1 22.12 19.52 41.64 NOTE
r-devel-linux-x86_64-fedora-clang 0.1 85.80 NOTE
r-devel-linux-x86_64-fedora-gcc 0.1 71.61 NOTE
r-devel-windows-ix86+x86_64 0.1 70.00 59.00 129.00 NOTE
r-patched-linux-x86_64 0.1 24.83 24.91 49.74 NOTE
r-patched-solaris-x86 0.1 74.70 NOTE
r-release-linux-x86_64 0.1 23.92 25.13 49.05 NOTE
r-release-macos-x86_64 0.1 NOTE
r-release-windows-ix86+x86_64 0.1 68.00 56.00 124.00 NOTE
r-oldrel-macos-x86_64 0.1 NOTE
r-oldrel-windows-ix86+x86_64 0.1 39.00 60.00 99.00 NOTE

Check Details

Version: 0.1
Check: line endings in C/C++/Fortran sources/headers
Result: NOTE
    Found the following sources/headers with CR or CRLF line endings:
     inst/include/rCRM.h
     inst/include/rCRM_RcppExports.h
    Some Unix compilers require LF line endings.
Flavors: r-devel-linux-x86_64-debian-clang, r-devel-linux-x86_64-debian-gcc, r-devel-linux-x86_64-fedora-clang, r-devel-linux-x86_64-fedora-gcc, r-devel-windows-ix86+x86_64, r-patched-linux-x86_64, r-patched-solaris-x86, r-release-linux-x86_64, r-release-macos-x86_64, r-release-windows-ix86+x86_64, r-oldrel-macos-x86_64, r-oldrel-windows-ix86+x86_64