CRAN Package Check Results for Package qualtRics

Last updated on 2021-04-18 00:47:51 CEST.

Flavor Version Tinstall Tcheck Ttotal Status Flags
r-devel-linux-x86_64-debian-clang 3.1.4 5.70 63.43 69.13 NOTE
r-devel-linux-x86_64-debian-gcc 3.1.4 4.83 48.32 53.15 NOTE
r-devel-linux-x86_64-fedora-clang 3.1.4 93.33 NOTE
r-devel-linux-x86_64-fedora-gcc 3.1.4 88.65 NOTE
r-devel-windows-ix86+x86_64 3.1.4 15.00 69.00 84.00 NOTE
r-devel-windows-x86_64-gcc10-UCRT 3.1.4 NOTE
r-patched-linux-x86_64 3.1.4 5.75 59.63 65.38 OK
r-patched-solaris-x86 3.1.4 117.30 OK
r-release-linux-x86_64 3.1.4 6.36 59.98 66.34 OK
r-release-macos-x86_64 3.1.4 OK
r-release-windows-ix86+x86_64 3.1.4 15.00 93.00 108.00 OK
r-oldrel-macos-x86_64 3.1.4 OK
r-oldrel-windows-ix86+x86_64 3.1.4 8.00 80.00 88.00 OK

Check Details

Version: 3.1.4
Check: LazyData
Result: NOTE
     'LazyData' is specified without a 'data' directory
Flavors: r-devel-linux-x86_64-debian-clang, r-devel-linux-x86_64-debian-gcc, r-devel-linux-x86_64-fedora-clang, r-devel-linux-x86_64-fedora-gcc, r-devel-windows-ix86+x86_64, r-devel-windows-x86_64-gcc10-UCRT