CRAN Package Check Results for Package qif

Last updated on 2024-05-22 11:25:07 CEST.

Flavor Version Tinstall Tcheck Ttotal Status Flags
r-devel-linux-x86_64-debian-clang 1.5 3.42 28.14 31.56 NOTE
r-devel-linux-x86_64-debian-gcc 1.5 2.88 21.56 24.44 NOTE
r-devel-linux-x86_64-fedora-clang 1.5 41.91 NOTE
r-devel-linux-x86_64-fedora-gcc 1.5 37.38 NOTE
r-devel-windows-x86_64 1.5 5.00 52.00 57.00 NOTE
r-patched-linux-x86_64 1.5 3.83 26.96 30.79 NOTE
r-release-linux-x86_64 1.5 3.61 26.21 29.82 NOTE
r-release-macos-arm64 1.5 21.00 NOTE
r-release-windows-x86_64 1.5 6.00 55.00 61.00 NOTE
r-oldrel-macos-arm64 1.5 21.00 OK
r-oldrel-macos-x86_64 1.5 23.00 OK
r-oldrel-windows-x86_64 1.5 5.00 52.00 57.00 OK

Check Details

Version: 1.5
Check: Rd files
Result: NOTE checkRd: (-1) qif.Rd:45: Lost braces in \itemize; \value handles \item{}{} directly checkRd: (-1) qif.Rd:46: Lost braces in \itemize; \value handles \item{}{} directly checkRd: (-1) qif.Rd:47: Lost braces in \itemize; \value handles \item{}{} directly checkRd: (-1) qif.Rd:48: Lost braces in \itemize; \value handles \item{}{} directly checkRd: (-1) qif.Rd:49: Lost braces in \itemize; \value handles \item{}{} directly checkRd: (-1) qif.Rd:50: Lost braces in \itemize; \value handles \item{}{} directly checkRd: (-1) qif.Rd:51: Lost braces in \itemize; \value handles \item{}{} directly checkRd: (-1) qif.Rd:52: Lost braces in \itemize; \value handles \item{}{} directly checkRd: (-1) qif.Rd:53: Lost braces in \itemize; \value handles \item{}{} directly checkRd: (-1) qif.Rd:54: Lost braces in \itemize; \value handles \item{}{} directly checkRd: (-1) qif.Rd:55: Lost braces in \itemize; \value handles \item{}{} directly checkRd: (-1) qif.Rd:56: Lost braces in \itemize; \value handles \item{}{} directly checkRd: (-1) qif.Rd:57: Lost braces in \itemize; \value handles \item{}{} directly checkRd: (-1) qif.Rd:58: Lost braces in \itemize; \value handles \item{}{} directly checkRd: (-1) qif.Rd:59: Lost braces in \itemize; \value handles \item{}{} directly checkRd: (-1) qif.Rd:60: Lost braces in \itemize; \value handles \item{}{} directly checkRd: (-1) qif.Rd:61: Lost braces in \itemize; \value handles \item{}{} directly checkRd: (-1) qif.Rd:62: Lost braces in \itemize; \value handles \item{}{} directly checkRd: (-1) qif.Rd:63: Lost braces in \itemize; \value handles \item{}{} directly checkRd: (-1) qif.Rd:64: Lost braces in \itemize; \value handles \item{}{} directly checkRd: (-1) qif.Rd:65: Lost braces in \itemize; \value handles \item{}{} directly Flavors: r-devel-linux-x86_64-debian-clang, r-devel-linux-x86_64-debian-gcc, r-devel-linux-x86_64-fedora-clang, r-devel-linux-x86_64-fedora-gcc, r-devel-windows-x86_64, r-patched-linux-x86_64, r-release-linux-x86_64, r-release-macos-arm64, r-release-windows-x86_64