CRAN Package Check Results for Package psychrolib

Last updated on 2021-04-19 17:48:37 CEST.

Flavor Version Tinstall Tcheck Ttotal Status Flags
r-devel-linux-x86_64-debian-clang 2.5.1 20.62 45.97 66.59 NOTE
r-devel-linux-x86_64-debian-gcc 2.5.1 12.63 34.08 46.71 NOTE
r-devel-linux-x86_64-fedora-clang 2.5.1 93.98 NOTE
r-devel-linux-x86_64-fedora-gcc 2.5.1 77.68 NOTE
r-devel-windows-ix86+x86_64 2.5.1 47.00 81.00 128.00 NOTE
r-devel-windows-x86_64-gcc10-UCRT 2.5.1 NOTE
r-patched-linux-x86_64 2.5.1 15.41 43.06 58.47 OK
r-patched-solaris-x86 2.5.1 94.20 OK
r-release-linux-x86_64 2.5.1 15.11 43.89 59.00 OK
r-release-macos-x86_64 2.5.1 OK
r-release-windows-ix86+x86_64 2.5.1 46.00 114.00 160.00 OK
r-oldrel-macos-x86_64 2.5.1 OK
r-oldrel-windows-ix86+x86_64 2.5.1 34.00 101.00 135.00 OK

Check Details

Version: 2.5.1
Check: LazyData
Result: NOTE
     'LazyData' is specified without a 'data' directory
Flavors: r-devel-linux-x86_64-debian-clang, r-devel-linux-x86_64-debian-gcc, r-devel-linux-x86_64-fedora-clang, r-devel-linux-x86_64-fedora-gcc, r-devel-windows-ix86+x86_64, r-devel-windows-x86_64-gcc10-UCRT